CRAN Package Check Results for Package gitlabr

Last updated on 2021-03-01 07:48:30 CET.

Flavor Version Tinstall Tcheck Ttotal Status Flags
r-devel-linux-x86_64-debian-clang 1.1.6 NOTE
r-devel-linux-x86_64-debian-gcc 1.1.6 3.98 37.43 41.41 NOTE
r-devel-linux-x86_64-fedora-clang 1.1.6 76.32 NOTE
r-devel-linux-x86_64-fedora-gcc 1.1.6 63.52 NOTE
r-devel-windows-ix86+x86_64 1.1.6 8.00 52.00 60.00 OK
r-patched-linux-x86_64 1.1.6 4.27 46.17 50.44 NOTE
r-patched-solaris-x86 1.1.6 93.60 NOTE
r-release-linux-x86_64 1.1.6 4.92 45.96 50.88 NOTE
r-release-macos-x86_64 1.1.6 OK
r-release-windows-ix86+x86_64 1.1.6 12.00 71.00 83.00 OK
r-oldrel-macos-x86_64 1.1.6 OK
r-oldrel-windows-ix86+x86_64 1.1.6 7.00 61.00 68.00 OK

Check Details

Version: 1.1.6
Check: for non-standard things in the check directory
Result: NOTE
    Found the following files/directories:
     '.gitlab-ci.yml'
Flavors: r-devel-linux-x86_64-debian-clang, r-devel-linux-x86_64-debian-gcc, r-devel-linux-x86_64-fedora-clang, r-devel-linux-x86_64-fedora-gcc, r-patched-linux-x86_64, r-patched-solaris-x86, r-release-linux-x86_64