CRAN Package Check Results for Package gif

Last updated on 2021-06-13 19:49:34 CEST.

Flavor Version Tinstall Tcheck Ttotal Status Flags
r-devel-linux-x86_64-debian-clang 0.1.0 37.96 67.91 105.87 OK
r-devel-linux-x86_64-debian-gcc 0.1.0 26.15 54.25 80.40 OK
r-devel-linux-x86_64-fedora-clang 0.1.0 147.97 NOTE
r-devel-linux-x86_64-fedora-gcc 0.1.0 131.71 OK
r-devel-windows-x86_64 0.1.0 47.00 98.00 145.00 OK
r-devel-windows-x86_64-gcc10-UCRT 0.1.0 OK
r-patched-linux-x86_64 0.1.0 31.26 67.13 98.39 OK
r-patched-solaris-x86 0.1.0 164.50 OK
r-release-linux-x86_64 0.1.0 31.26 66.99 98.25 OK
r-release-macos-arm64 0.1.0 NOTE
r-release-macos-x86_64 0.1.0 NOTE
r-release-windows-ix86+x86_64 0.1.0 67.00 133.00 200.00 OK
r-oldrel-macos-x86_64 0.1.0 NOTE
r-oldrel-windows-ix86+x86_64 0.1.0 62.00 128.00 190.00 OK

Check Details

Version: 0.1.0
Check: installed package size
Result: NOTE
     installed size is 5.6Mb
     sub-directories of 1Mb or more:
     doc 1.1Mb
     libs 4.2Mb
Flavors: r-devel-linux-x86_64-fedora-clang, r-release-macos-arm64, r-release-macos-x86_64, r-oldrel-macos-x86_64