CRAN Package Check Results for Package ggx

Last updated on 2024-07-20 08:49:42 CEST.

Flavor Version Tinstall Tcheck Ttotal Status Flags
r-devel-linux-x86_64-debian-clang 0.1.1 2.02 37.27 39.29 NOTE
r-devel-linux-x86_64-debian-gcc 0.1.1 1.73 28.53 30.26 NOTE
r-devel-linux-x86_64-fedora-clang 0.1.1 50.77 NOTE
r-devel-linux-x86_64-fedora-gcc 0.1.1 60.85 NOTE
r-devel-windows-x86_64 0.1.1 5.00 48.00 53.00 NOTE
r-patched-linux-x86_64 0.1.1 1.72 35.27 36.99 NOTE
r-release-linux-x86_64 0.1.1 2.26 35.64 37.90 NOTE
r-release-macos-arm64 0.1.1 24.00 NOTE
r-release-macos-x86_64 0.1.1 37.00 NOTE
r-release-windows-x86_64 0.1.1 3.00 47.00 50.00 NOTE
r-oldrel-macos-arm64 0.1.1 24.00 NOTE
r-oldrel-macos-x86_64 0.1.1 40.00 NOTE
r-oldrel-windows-x86_64 0.1.1 4.00 51.00 55.00 NOTE

Check Details

Version: 0.1.1
Check: LazyData
Result: NOTE 'LazyData' is specified without a 'data' directory Flavors: r-devel-linux-x86_64-debian-clang, r-devel-linux-x86_64-debian-gcc, r-devel-linux-x86_64-fedora-clang, r-devel-linux-x86_64-fedora-gcc, r-devel-windows-x86_64, r-patched-linux-x86_64, r-release-linux-x86_64, r-release-macos-arm64, r-release-macos-x86_64, r-release-windows-x86_64, r-oldrel-macos-arm64, r-oldrel-macos-x86_64, r-oldrel-windows-x86_64

Version: 0.1.1
Check: dependencies in R code
Result: NOTE Namespace in Imports field not imported from: ‘ggplot2’ All declared Imports should be used. Flavors: r-devel-linux-x86_64-fedora-clang, r-devel-linux-x86_64-fedora-gcc