CRAN Package Check Results for Package ggstream

Last updated on 2024-07-21 15:53:34 CEST.

Flavor Version Tinstall Tcheck Ttotal Status Flags
r-devel-linux-x86_64-debian-clang 0.1.0 5.62 40.62 46.24 OK
r-devel-linux-x86_64-debian-gcc 0.1.0 4.01 30.84 34.85 OK
r-devel-linux-x86_64-fedora-clang 0.1.0 57.31 NOTE
r-devel-linux-x86_64-fedora-gcc 0.1.0 52.11 NOTE
r-devel-windows-x86_64 0.1.0 7.00 50.00 57.00 OK
r-patched-linux-x86_64 0.1.0 5.04 38.65 43.69 OK
r-release-linux-x86_64 0.1.0 2.94 38.41 41.35 OK
r-release-macos-arm64 0.1.0 21.00 OK
r-release-macos-x86_64 0.1.0 38.00 OK
r-release-windows-x86_64 0.1.0 6.00 50.00 56.00 OK
r-oldrel-macos-arm64 0.1.0 21.00 OK
r-oldrel-macos-x86_64 0.1.0 31.00 OK
r-oldrel-windows-x86_64 0.1.0 6.00 53.00 59.00 OK

Check Details

Version: 0.1.0
Check: dependencies in R code
Result: NOTE Namespace in Imports field not imported from: ‘tidyr’ All declared Imports should be used. Flavors: r-devel-linux-x86_64-fedora-clang, r-devel-linux-x86_64-fedora-gcc