CRAN Package Check Results for Package ggstatsplot

Last updated on 2021-05-09 11:48:35 CEST.

Flavor Version Tinstall Tcheck Ttotal Status Flags
r-devel-linux-x86_64-debian-clang 0.7.2 17.52 176.49 194.01 OK
r-devel-linux-x86_64-debian-gcc 0.7.2 15.33 130.11 145.44 OK
r-devel-linux-x86_64-fedora-clang 0.7.2 238.20 OK
r-devel-linux-x86_64-fedora-gcc 0.7.2 239.55 OK
r-devel-windows-ix86+x86_64 0.7.2 46.00 225.00 271.00 OK
r-devel-windows-x86_64-gcc10-UCRT 0.7.2 OK
r-patched-linux-x86_64 0.7.2 19.61 167.06 186.67 OK
r-patched-solaris-x86 0.7.2 326.80 NOTE
r-release-linux-x86_64 0.7.2 17.34 164.77 182.11 OK
r-release-macos-x86_64 0.7.2 OK
r-release-windows-ix86+x86_64 0.7.2 31.00 157.00 188.00 OK
r-oldrel-macos-x86_64 0.7.2 OK
r-oldrel-windows-ix86+x86_64 0.7.2 35.00 190.00 225.00 OK

Check Details

Version: 0.7.2
Check: installed package size
Result: NOTE
     installed size is 5.6Mb
     sub-directories of 1Mb or more:
     help 5.1Mb
Flavor: r-patched-solaris-x86