CRAN Package Check Results for Package ggstance

Last updated on 2021-09-22 07:51:18 CEST.

Flavor Version Tinstall Tcheck Ttotal Status Flags
r-devel-linux-x86_64-debian-clang 0.3.5 7.87 67.12 74.99 NOTE
r-devel-linux-x86_64-debian-gcc 0.3.5 6.14 49.61 55.75 NOTE
r-devel-linux-x86_64-fedora-clang 0.3.5 94.94 NOTE
r-devel-linux-x86_64-fedora-gcc 0.3.5 82.11 NOTE
r-devel-windows-x86_64 0.3.5 9.00 63.00 72.00 NOTE
r-devel-windows-x86_64-gcc10-UCRT 0.3.5 ERROR
r-patched-linux-x86_64 0.3.5 6.83 62.09 68.92 NOTE
r-patched-solaris-x86 0.3.5 116.10 NOTE
r-release-linux-x86_64 0.3.5 5.73 61.88 67.61 NOTE
r-release-macos-arm64 0.3.5 NOTE
r-release-macos-x86_64 0.3.5 NOTE
r-release-windows-ix86+x86_64 0.3.5 16.00 60.00 76.00 NOTE
r-oldrel-macos-x86_64 0.3.5 OK
r-oldrel-windows-ix86+x86_64 0.3.5 14.00 63.00 77.00 OK

Check Details

Version: 0.3.5
Check: LazyData
Result: NOTE
     'LazyData' is specified without a 'data' directory
Flavors: r-devel-linux-x86_64-debian-clang, r-devel-linux-x86_64-debian-gcc, r-devel-linux-x86_64-fedora-clang, r-devel-linux-x86_64-fedora-gcc, r-devel-windows-x86_64, r-devel-windows-x86_64-gcc10-UCRT, r-patched-linux-x86_64, r-patched-solaris-x86, r-release-linux-x86_64, r-release-macos-arm64, r-release-macos-x86_64, r-release-windows-ix86+x86_64

Version: 0.3.5
Check: package dependencies
Result: NOTE
    Packages suggested but not available for checking: 'Hmisc', 'vdiffr'
Flavor: r-devel-windows-x86_64-gcc10-UCRT

Version: 0.3.5
Check: Rd cross-references
Result: NOTE
    Package unavailable to check Rd xrefs: 'Hmisc'
Flavor: r-devel-windows-x86_64-gcc10-UCRT

Version: 0.3.5
Check: PDF version of manual
Result: WARN
    LaTeX errors when creating PDF version.
    This typically indicates Rd problems.
Flavor: r-devel-windows-x86_64-gcc10-UCRT

Version: 0.3.5
Check: PDF version of manual without hyperrefs or index
Result: ERROR
    Re-running with no redirection of stdout/stderr.
Flavor: r-devel-windows-x86_64-gcc10-UCRT