CRAN Package Check Results for Package ggpp

Last updated on 2021-09-22 07:51:18 CEST.

Flavor Version Tinstall Tcheck Ttotal Status Flags
r-devel-linux-x86_64-debian-clang 0.4.2 11.71 143.37 155.08 OK
r-devel-linux-x86_64-debian-gcc 0.4.2 10.15 102.36 112.51 OK
r-devel-linux-x86_64-fedora-clang 0.4.2 183.84 OK
r-devel-linux-x86_64-fedora-gcc 0.4.2 173.24 OK
r-devel-windows-x86_64 0.4.2 14.00 123.00 137.00 OK
r-devel-windows-x86_64-gcc10-UCRT 0.4.2 ERROR
r-patched-linux-x86_64 0.4.2 11.70 133.84 145.54 OK
r-patched-solaris-x86 0.4.2 220.90 OK
r-release-linux-x86_64 0.4.2 10.88 132.07 142.95 OK
r-release-macos-arm64 0.4.2 OK
r-release-macos-x86_64 0.4.2 OK
r-release-windows-ix86+x86_64 0.4.2 24.00 126.00 150.00 OK
r-oldrel-macos-x86_64 0.4.2 OK
r-oldrel-windows-ix86+x86_64 0.4.2 17.00 123.00 140.00 OK

Check Details

Version: 0.4.2
Check: PDF version of manual
Result: WARN
    LaTeX errors when creating PDF version.
    This typically indicates Rd problems.
Flavor: r-devel-windows-x86_64-gcc10-UCRT

Version: 0.4.2
Check: PDF version of manual without hyperrefs or index
Result: ERROR
    Re-running with no redirection of stdout/stderr.
Flavor: r-devel-windows-x86_64-gcc10-UCRT