CRAN Package Check Results for Package ggplotlyExtra

Last updated on 2021-06-12 23:49:08 CEST.

Flavor Version Tinstall Tcheck Ttotal Status Flags
r-devel-linux-x86_64-debian-clang 0.0.1 5.33 51.69 57.02 NOTE
r-devel-linux-x86_64-debian-gcc 0.0.1 4.40 38.28 42.68 NOTE
r-devel-linux-x86_64-fedora-clang 0.0.1 77.04 NOTE
r-devel-linux-x86_64-fedora-gcc 0.0.1 62.98 NOTE
r-devel-windows-x86_64 0.0.1 10.00 74.00 84.00 NOTE
r-devel-windows-x86_64-gcc10-UCRT 0.0.1 NOTE
r-patched-linux-x86_64 0.0.1 10.37 47.74 58.11 NOTE
r-patched-solaris-x86 0.0.1 93.80 NOTE
r-release-linux-x86_64 0.0.1 4.79 48.54 53.33 NOTE
r-release-macos-arm64 0.0.1 NOTE
r-release-macos-x86_64 0.0.1 NOTE
r-release-windows-ix86+x86_64 0.0.1 15.00 70.00 85.00 NOTE
r-oldrel-macos-x86_64 0.0.1 OK
r-oldrel-windows-ix86+x86_64 0.0.1 27.00 79.00 106.00 OK

Check Details

Version: 0.0.1
Check: LazyData
Result: NOTE
     'LazyData' is specified without a 'data' directory
Flavors: r-devel-linux-x86_64-debian-clang, r-devel-linux-x86_64-debian-gcc, r-devel-linux-x86_64-fedora-clang, r-devel-linux-x86_64-fedora-gcc, r-devel-windows-x86_64, r-devel-windows-x86_64-gcc10-UCRT, r-patched-linux-x86_64, r-patched-solaris-x86, r-release-linux-x86_64, r-release-macos-arm64, r-release-macos-x86_64, r-release-windows-ix86+x86_64