Last updated on 2023-06-04 07:55:40 CEST.
Flavor | Version | Tinstall | Tcheck | Ttotal | Status | Flags |
---|---|---|---|---|---|---|
r-devel-linux-x86_64-debian-clang | 0.1.0 | 5.96 | 55.48 | 61.44 | NOTE | |
r-devel-linux-x86_64-debian-gcc | 0.1.0 | 3.83 | 42.92 | 46.75 | NOTE | |
r-devel-linux-x86_64-fedora-clang | 0.1.0 | 78.06 | NOTE | |||
r-devel-linux-x86_64-fedora-gcc | 0.1.0 | 88.25 | NOTE | |||
r-devel-windows-x86_64 | 0.1.0 | 7.00 | 63.00 | 70.00 | NOTE | |
r-patched-linux-x86_64 | 0.1.0 | 5.82 | 54.01 | 59.83 | NOTE | |
r-release-linux-x86_64 | 0.1.0 | 4.35 | 54.37 | 58.72 | NOTE | |
r-release-macos-arm64 | 0.1.0 | 39.00 | NOTE | |||
r-release-macos-x86_64 | 0.1.0 | 65.00 | NOTE | |||
r-release-windows-x86_64 | 0.1.0 | 7.00 | 68.00 | 75.00 | NOTE | |
r-oldrel-macos-arm64 | 0.1.0 | 27.00 | OK | |||
r-oldrel-macos-x86_64 | 0.1.0 | 41.00 | OK | |||
r-oldrel-windows-x86_64 | 0.1.0 | 8.00 | 75.00 | 83.00 | OK |
Version: 0.1.0
Check: package subdirectories
Result: NOTE
Problems with news in ‘NEWS.md’:
Cannot extract version info from the following section titles:
History
Flavors: r-devel-linux-x86_64-debian-clang, r-devel-linux-x86_64-debian-gcc, r-devel-linux-x86_64-fedora-clang, r-devel-linux-x86_64-fedora-gcc, r-devel-windows-x86_64, r-patched-linux-x86_64, r-release-linux-x86_64, r-release-macos-arm64, r-release-macos-x86_64, r-release-windows-x86_64