Last updated on 2021-04-13 07:47:44 CEST.
Flavor | Version | Tinstall | Tcheck | Ttotal | Status | Flags |
---|---|---|---|---|---|---|
r-devel-linux-x86_64-debian-clang | 0.0.5 | 4.33 | 57.41 | 61.74 | NOTE | |
r-devel-linux-x86_64-debian-gcc | 0.0.5 | 3.58 | 42.94 | 46.52 | NOTE | |
r-devel-linux-x86_64-fedora-clang | 0.0.5 | 80.51 | NOTE | |||
r-devel-linux-x86_64-fedora-gcc | 0.0.5 | 69.47 | NOTE | |||
r-devel-windows-ix86+x86_64 | 0.0.5 | 16.00 | 83.00 | 99.00 | NOTE | |
r-devel-windows-x86_64-gcc10-UCRT | 0.0.5 | NOTE | ||||
r-patched-linux-x86_64 | 0.0.5 | 4.57 | 53.73 | 58.30 | OK | |
r-patched-solaris-x86 | 0.0.5 | 102.10 | OK | |||
r-release-linux-x86_64 | 0.0.5 | 4.22 | 53.67 | 57.89 | OK | |
r-release-macos-x86_64 | 0.0.5 | OK | ||||
r-release-windows-ix86+x86_64 | 0.0.5 | 15.00 | 80.00 | 95.00 | OK | |
r-oldrel-macos-x86_64 | 0.0.5 | OK | ||||
r-oldrel-windows-ix86+x86_64 | 0.0.5 | 11.00 | 59.00 | 70.00 | OK |
Version: 0.0.5
Check: LazyData
Result: NOTE
'LazyData' is specified without a 'data' directory
Flavors: r-devel-linux-x86_64-debian-clang, r-devel-linux-x86_64-debian-gcc, r-devel-linux-x86_64-fedora-clang, r-devel-linux-x86_64-fedora-gcc, r-devel-windows-ix86+x86_64, r-devel-windows-x86_64-gcc10-UCRT