CRAN Package Check Results for Package ggplotAssist

Last updated on 2021-03-02 15:48:02 CET.

Flavor Version Tinstall Tcheck Ttotal Status Flags
r-devel-linux-x86_64-debian-clang 0.1.3 OK
r-devel-linux-x86_64-debian-gcc 0.1.3 6.82 51.81 58.63 OK
r-devel-linux-x86_64-fedora-clang 0.1.3 103.56 NOTE
r-devel-linux-x86_64-fedora-gcc 0.1.3 88.97 NOTE
r-devel-windows-ix86+x86_64 0.1.3 14.00 69.00 83.00 OK
r-patched-linux-x86_64 0.1.3 8.33 65.11 73.44 OK
r-patched-solaris-x86 0.1.3 132.80 NOTE
r-release-linux-x86_64 0.1.3 7.97 66.95 74.92 OK
r-release-macos-x86_64 0.1.3 NOTE
r-release-windows-ix86+x86_64 0.1.3 23.00 104.00 127.00 OK
r-oldrel-macos-x86_64 0.1.3 NOTE
r-oldrel-windows-ix86+x86_64 0.1.3 13.00 87.00 100.00 OK

Check Details

Version: 0.1.3
Check: dependencies in R code
Result: NOTE
    Namespaces in Imports field not imported from:
     ‘gcookbook’ ‘ggthemes’ ‘moonBook’ ‘tidyverse’
     All declared Imports should be used.
Flavors: r-devel-linux-x86_64-fedora-clang, r-devel-linux-x86_64-fedora-gcc, r-patched-solaris-x86, r-release-macos-x86_64, r-oldrel-macos-x86_64