Last updated on 2021-04-13 07:47:44 CEST.
Flavor | Version | Tinstall | Tcheck | Ttotal | Status | Flags |
---|---|---|---|---|---|---|
r-devel-linux-x86_64-debian-clang | 1.0.0 | 11.89 | 240.16 | 252.05 | NOTE | |
r-devel-linux-x86_64-debian-gcc | 1.0.0 | 8.81 | 164.54 | 173.35 | NOTE | |
r-devel-linux-x86_64-fedora-clang | 1.0.0 | 286.16 | NOTE | |||
r-devel-linux-x86_64-fedora-gcc | 1.0.0 | 281.04 | NOTE | |||
r-devel-windows-ix86+x86_64 | 1.0.0 | 26.00 | 264.00 | 290.00 | NOTE | |
r-devel-windows-x86_64-gcc10-UCRT | 1.0.0 | NOTE | ||||
r-patched-linux-x86_64 | 1.0.0 | 9.52 | 213.26 | 222.78 | OK | |
r-patched-solaris-x86 | 1.0.0 | 355.50 | NOTE | |||
r-release-linux-x86_64 | 1.0.0 | 10.87 | 213.45 | 224.32 | OK | |
r-release-macos-x86_64 | 1.0.0 | NOTE | ||||
r-release-windows-ix86+x86_64 | 1.0.0 | 27.00 | 276.00 | 303.00 | OK | |
r-oldrel-macos-x86_64 | 1.0.0 | NOTE | ||||
r-oldrel-windows-ix86+x86_64 | 1.0.0 | 23.00 | 205.00 | 228.00 | OK |
Version: 1.0.0
Check: LazyData
Result: NOTE
'LazyData' is specified without a 'data' directory
Flavors: r-devel-linux-x86_64-debian-clang, r-devel-linux-x86_64-debian-gcc, r-devel-linux-x86_64-fedora-clang, r-devel-linux-x86_64-fedora-gcc, r-devel-windows-ix86+x86_64, r-devel-windows-x86_64-gcc10-UCRT
Version: 1.0.0
Check: dependencies in R code
Result: NOTE
Namespace in Imports field not imported from: ‘survival’
All declared Imports should be used.
Flavors: r-devel-linux-x86_64-fedora-clang, r-devel-linux-x86_64-fedora-gcc, r-devel-windows-x86_64-gcc10-UCRT, r-patched-solaris-x86, r-release-macos-x86_64, r-oldrel-macos-x86_64