Last updated on 2023-09-26 16:12:59 CEST.
Flavor | Version | Tinstall | Tcheck | Ttotal | Status | Flags |
---|---|---|---|---|---|---|
r-devel-linux-x86_64-debian-clang | 0.2.1 | 4.75 | 63.05 | 67.80 | NOTE | |
r-devel-linux-x86_64-debian-gcc | 0.2.1 | 4.50 | 45.19 | 49.69 | NOTE | |
r-devel-linux-x86_64-fedora-clang | 0.2.1 | 88.33 | NOTE | |||
r-devel-linux-x86_64-fedora-gcc | 0.2.1 | 83.94 | NOTE | |||
r-devel-windows-x86_64 | 0.2.1 | 7.00 | 67.00 | 74.00 | NOTE | |
r-patched-linux-x86_64 | 0.2.1 | 9.42 | 58.02 | 67.44 | NOTE | |
r-release-linux-x86_64 | 0.2.1 | 5.37 | 57.83 | 63.20 | NOTE | |
r-release-macos-arm64 | 0.2.1 | 28.00 | NOTE | |||
r-release-macos-x86_64 | 0.2.1 | 43.00 | NOTE | |||
r-release-windows-x86_64 | 0.2.1 | 7.00 | 74.00 | 81.00 | NOTE | |
r-oldrel-macos-arm64 | 0.2.1 | 26.00 | NOTE | |||
r-oldrel-macos-x86_64 | 0.2.1 | 46.00 | NOTE | |||
r-oldrel-windows-x86_64 | 0.2.1 | 8.00 | 75.00 | 83.00 | NOTE |
Version: 0.2.1
Check: LazyData
Result: NOTE
'LazyData' is specified without a 'data' directory
Flavors: r-devel-linux-x86_64-debian-clang, r-devel-linux-x86_64-debian-gcc, r-devel-linux-x86_64-fedora-clang, r-devel-linux-x86_64-fedora-gcc, r-devel-windows-x86_64, r-patched-linux-x86_64, r-release-linux-x86_64, r-release-macos-arm64, r-release-macos-x86_64, r-release-windows-x86_64, r-oldrel-macos-arm64, r-oldrel-macos-x86_64, r-oldrel-windows-x86_64