CRAN Package Check Results for Package ggfan

Last updated on 2021-02-25 11:47:25 CET.

Flavor Version Tinstall Tcheck Ttotal Status Flags
r-devel-linux-x86_64-debian-clang 0.1.3 9.66 111.11 120.77 OK
r-devel-linux-x86_64-debian-gcc 0.1.3 8.08 80.41 88.49 OK
r-devel-linux-x86_64-fedora-clang 0.1.3 146.84 NOTE
r-devel-linux-x86_64-fedora-gcc 0.1.3 140.29 NOTE
r-devel-windows-ix86+x86_64 0.1.3 13.00 95.00 108.00 OK
r-patched-linux-x86_64 0.1.3 6.52 105.19 111.71 OK
r-patched-solaris-x86 0.1.3 194.40 NOTE
r-release-linux-x86_64 0.1.3 6.05 104.75 110.80 OK
r-release-macos-x86_64 0.1.3 NOTE
r-release-windows-ix86+x86_64 0.1.3 21.00 149.00 170.00 OK
r-oldrel-macos-x86_64 0.1.3 NOTE
r-oldrel-windows-ix86+x86_64 0.1.3 12.00 128.00 140.00 OK

Check Details

Version: 0.1.3
Check: dependencies in R code
Result: NOTE
    Namespaces in Imports field not imported from:
     ‘colorspace’ ‘grid’ ‘rstan’
     All declared Imports should be used.
Flavors: r-devel-linux-x86_64-fedora-clang, r-devel-linux-x86_64-fedora-gcc, r-patched-solaris-x86, r-release-macos-x86_64, r-oldrel-macos-x86_64