Last updated on 2021-03-07 15:47:36 CET.
Flavor | Version | Tinstall | Tcheck | Ttotal | Status | Flags |
---|---|---|---|---|---|---|
r-devel-linux-x86_64-debian-clang | 0.3.1 | 10.49 | 95.39 | 105.88 | OK | |
r-devel-linux-x86_64-debian-gcc | 0.3.1 | 8.53 | 69.39 | 77.92 | OK | |
r-devel-linux-x86_64-fedora-clang | 0.3.1 | 131.48 | NOTE | |||
r-devel-linux-x86_64-fedora-gcc | 0.3.1 | 120.08 | NOTE | |||
r-devel-windows-ix86+x86_64 | 0.3.1 | 23.00 | 126.00 | 149.00 | OK | |
r-devel-windows-x86_64-gcc10-UCRT | 0.3.1 | NOTE | ||||
r-patched-linux-x86_64 | 0.3.1 | 9.96 | 90.35 | 100.31 | OK | |
r-patched-solaris-x86 | 0.3.1 | 161.70 | NOTE | |||
r-release-linux-x86_64 | 0.3.1 | 9.74 | 87.70 | 97.44 | OK | |
r-release-macos-x86_64 | 0.3.1 | NOTE | ||||
r-release-windows-ix86+x86_64 | 0.3.1 | 19.00 | 87.00 | 106.00 | OK | |
r-oldrel-macos-x86_64 | 0.3.1 | NOTE | ||||
r-oldrel-windows-ix86+x86_64 | 0.3.1 | 15.00 | 88.00 | 103.00 | OK |
Version: 0.3.1
Check: dependencies in R code
Result: NOTE
Namespace in Imports field not imported from: ‘magrittr’
All declared Imports should be used.
Flavors: r-devel-linux-x86_64-fedora-clang, r-devel-linux-x86_64-fedora-gcc, r-devel-windows-x86_64-gcc10-UCRT, r-patched-solaris-x86, r-release-macos-x86_64, r-oldrel-macos-x86_64