Last updated on 2022-05-19 15:53:19 CEST.
Flavor | Version | Tinstall | Tcheck | Ttotal | Status | Flags |
---|---|---|---|---|---|---|
r-devel-linux-x86_64-debian-clang | 0.1.3 | 5.59 | 91.00 | 96.59 | NOTE | |
r-devel-linux-x86_64-debian-gcc | 0.1.3 | 3.94 | 67.08 | 71.02 | NOTE | |
r-devel-linux-x86_64-fedora-clang | 0.1.3 | 110.74 | NOTE | |||
r-devel-linux-x86_64-fedora-gcc | 0.1.3 | 107.76 | NOTE | |||
r-devel-windows-x86_64 | 0.1.3 | 31.00 | 111.00 | 142.00 | NOTE | |
r-patched-linux-x86_64 | 0.1.3 | 5.53 | 85.02 | 90.55 | NOTE | |
r-release-linux-x86_64 | 0.1.3 | 4.24 | 86.29 | 90.53 | NOTE | |
r-release-macos-arm64 | 0.1.3 | 39.00 | NOTE | |||
r-release-macos-x86_64 | 0.1.3 | 52.00 | NOTE | |||
r-release-windows-x86_64 | 0.1.3 | 31.00 | 113.00 | 144.00 | NOTE | |
r-oldrel-macos-arm64 | 0.1.3 | 48.00 | NOTE | |||
r-oldrel-macos-x86_64 | 0.1.3 | 53.00 | NOTE | |||
r-oldrel-windows-ix86+x86_64 | 0.1.3 | 17.00 | 103.00 | 120.00 | NOTE |
Version: 0.1.3
Check: LazyData
Result: NOTE
'LazyData' is specified without a 'data' directory
Flavors: r-devel-linux-x86_64-debian-clang, r-devel-linux-x86_64-debian-gcc, r-devel-linux-x86_64-fedora-clang, r-devel-linux-x86_64-fedora-gcc, r-devel-windows-x86_64, r-patched-linux-x86_64, r-release-linux-x86_64, r-release-macos-arm64, r-release-macos-x86_64, r-release-windows-x86_64, r-oldrel-macos-arm64, r-oldrel-macos-x86_64, r-oldrel-windows-ix86+x86_64