Last updated on 2023-03-21 07:54:11 CET.
Flavor | Version | Tinstall | Tcheck | Ttotal | Status | Flags |
---|---|---|---|---|---|---|
r-devel-linux-x86_64-debian-clang | 0.8.0 | NOTE | ||||
r-devel-linux-x86_64-debian-gcc | 0.8.0 | 128.59 | 134.38 | 262.97 | NOTE | |
r-devel-linux-x86_64-fedora-clang | 0.8.0 | 523.98 | NOTE | |||
r-devel-linux-x86_64-fedora-gcc | 0.8.0 | 486.09 | NOTE | |||
r-patched-linux-x86_64 | 0.8.0 | 142.70 | 167.87 | 310.57 | OK | |
r-release-linux-x86_64 | 0.8.0 | 132.49 | 168.76 | 301.25 | OK | |
r-release-macos-arm64 | 0.8.0 | 124.00 | NOTE | |||
r-release-macos-x86_64 | 0.8.0 | 149.00 | NOTE | |||
r-release-windows-x86_64 | 0.8.0 | 151.00 | 227.00 | 378.00 | NOTE | |
r-oldrel-macos-arm64 | 0.8.0 | 125.00 | NOTE | |||
r-oldrel-macos-x86_64 | 0.8.0 | 162.00 | NOTE | |||
r-oldrel-windows-ix86+x86_64 | 0.8.0 | 420.00 | 263.00 | 683.00 | NOTE |
Version: 0.8.0
Check: C++ specification
Result: NOTE
Specified C++11: please drop specification unless essential
Flavors: r-devel-linux-x86_64-debian-clang, r-devel-linux-x86_64-debian-gcc, r-devel-linux-x86_64-fedora-clang, r-devel-linux-x86_64-fedora-gcc
Version: 0.8.0
Check: installed package size
Result: NOTE
installed size is 5.5Mb
sub-directories of 1Mb or more:
doc 3.0Mb
extdata 1.6Mb
Flavors: r-devel-linux-x86_64-fedora-clang, r-release-macos-arm64, r-release-macos-x86_64, r-release-windows-x86_64, r-oldrel-macos-arm64, r-oldrel-macos-x86_64, r-oldrel-windows-ix86+x86_64