Last updated on 2021-04-20 23:47:43 CEST.
Flavor | Version | Tinstall | Tcheck | Ttotal | Status | Flags |
---|---|---|---|---|---|---|
r-devel-linux-x86_64-debian-clang | 1.0.1 | 1.80 | 27.52 | 29.32 | NOTE | |
r-devel-linux-x86_64-debian-gcc | 1.0.1 | 1.27 | 21.07 | 22.34 | NOTE | |
r-devel-linux-x86_64-fedora-clang | 1.0.1 | 45.10 | NOTE | |||
r-devel-linux-x86_64-fedora-gcc | 1.0.1 | 33.81 | NOTE | |||
r-devel-windows-ix86+x86_64 | 1.0.1 | 4.00 | 35.00 | 39.00 | NOTE | |
r-devel-windows-x86_64-gcc10-UCRT | 1.0.1 | NOTE | ||||
r-patched-linux-x86_64 | 1.0.1 | 1.84 | 26.33 | 28.17 | OK | |
r-patched-solaris-x86 | 1.0.1 | 53.10 | OK | |||
r-release-linux-x86_64 | 1.0.1 | 1.69 | 25.80 | 27.49 | OK | |
r-release-macos-x86_64 | 1.0.1 | OK | ||||
r-release-windows-ix86+x86_64 | 1.0.1 | 4.00 | 39.00 | 43.00 | OK | |
r-oldrel-macos-x86_64 | 1.0.1 | OK | ||||
r-oldrel-windows-ix86+x86_64 | 1.0.1 | 3.00 | 40.00 | 43.00 | OK |
Version: 1.0.1
Check: LazyData
Result: NOTE
'LazyData' is specified without a 'data' directory
Flavors: r-devel-linux-x86_64-debian-clang, r-devel-linux-x86_64-debian-gcc, r-devel-linux-x86_64-fedora-clang, r-devel-linux-x86_64-fedora-gcc, r-devel-windows-ix86+x86_64, r-devel-windows-x86_64-gcc10-UCRT