Last updated on 2021-04-12 23:48:02 CEST.
Flavor | Version | Tinstall | Tcheck | Ttotal | Status | Flags |
---|---|---|---|---|---|---|
r-devel-linux-x86_64-debian-clang | 1.0.9 | 13.74 | 336.22 | 349.96 | NOTE | |
r-devel-linux-x86_64-debian-gcc | 1.0.9 | 13.30 | 249.64 | 262.94 | NOTE | |
r-devel-linux-x86_64-fedora-clang | 1.0.9 | 493.93 | NOTE | |||
r-devel-linux-x86_64-fedora-gcc | 1.0.9 | 485.80 | NOTE | |||
r-devel-windows-ix86+x86_64 | 1.0.9 | 34.00 | 416.00 | 450.00 | NOTE | |
r-devel-windows-x86_64-gcc10-UCRT | 1.0.9 | NOTE | ||||
r-patched-linux-x86_64 | 1.0.9 | 10.97 | 313.81 | 324.78 | NOTE | |
r-patched-solaris-x86 | 1.0.9 | 570.40 | NOTE | |||
r-release-linux-x86_64 | 1.0.9 | 12.02 | 315.35 | 327.37 | NOTE | |
r-release-macos-x86_64 | 1.0.9 | NOTE | ||||
r-release-windows-ix86+x86_64 | 1.0.9 | 38.00 | 468.00 | 506.00 | NOTE | |
r-oldrel-macos-x86_64 | 1.0.9 | NOTE | ||||
r-oldrel-windows-ix86+x86_64 | 1.0.9 | 24.00 | 341.00 | 365.00 | NOTE |
Version: 1.0.9
Check: package dependencies
Result: NOTE
Package suggested but not available for checking: 'ggOceanMapsData'
Flavors: r-devel-linux-x86_64-debian-clang, r-devel-linux-x86_64-debian-gcc, r-devel-linux-x86_64-fedora-clang, r-devel-linux-x86_64-fedora-gcc, r-devel-windows-ix86+x86_64, r-devel-windows-x86_64-gcc10-UCRT, r-patched-linux-x86_64, r-patched-solaris-x86, r-release-linux-x86_64, r-release-macos-x86_64, r-release-windows-ix86+x86_64, r-oldrel-macos-x86_64, r-oldrel-windows-ix86+x86_64
Version: 1.0.9
Check: LazyData
Result: NOTE
'LazyData' is specified without a 'data' directory
Flavors: r-devel-linux-x86_64-debian-clang, r-devel-linux-x86_64-debian-gcc, r-devel-linux-x86_64-fedora-clang, r-devel-linux-x86_64-fedora-gcc, r-devel-windows-ix86+x86_64, r-devel-windows-x86_64-gcc10-UCRT
Version: 1.0.9
Check: for non-standard things in the check directory
Result: NOTE
Found the following files/directories:
‘ggOceanMapsData’
Flavor: r-devel-linux-x86_64-fedora-gcc