Last updated on 2021-04-20 23:47:43 CEST.
Flavor | Version | Tinstall | Tcheck | Ttotal | Status | Flags |
---|---|---|---|---|---|---|
r-devel-linux-x86_64-debian-clang | 1.3 | 4.12 | 47.59 | 51.71 | NOTE | |
r-devel-linux-x86_64-debian-gcc | 1.3 | 3.21 | 36.11 | 39.32 | NOTE | |
r-devel-linux-x86_64-fedora-clang | 1.3 | 75.85 | NOTE | |||
r-devel-linux-x86_64-fedora-gcc | 1.3 | 59.60 | NOTE | |||
r-devel-windows-ix86+x86_64 | 1.3 | 10.00 | 49.00 | 59.00 | NOTE | |
r-devel-windows-x86_64-gcc10-UCRT | 1.3 | NOTE | ||||
r-patched-linux-x86_64 | 1.3 | 3.64 | 44.24 | 47.88 | OK | |
r-patched-solaris-x86 | 1.3 | 86.40 | OK | |||
r-release-linux-x86_64 | 1.3 | 3.56 | 43.63 | 47.19 | OK | |
r-release-macos-x86_64 | 1.3 | OK | ||||
r-release-windows-ix86+x86_64 | 1.3 | 12.00 | 60.00 | 72.00 | OK | |
r-oldrel-macos-x86_64 | 1.3 | OK | ||||
r-oldrel-windows-ix86+x86_64 | 1.3 | 11.00 | 61.00 | 72.00 | OK |
Version: 1.3
Check: LazyData
Result: NOTE
'LazyData' is specified without a 'data' directory
Flavors: r-devel-linux-x86_64-debian-clang, r-devel-linux-x86_64-debian-gcc, r-devel-linux-x86_64-fedora-clang, r-devel-linux-x86_64-fedora-gcc, r-devel-windows-ix86+x86_64, r-devel-windows-x86_64-gcc10-UCRT