CRAN Package Check Results for Package gfiUltra

Last updated on 2021-07-25 23:55:17 CEST.

Flavor Version Tinstall Tcheck Ttotal Status Flags
r-devel-linux-x86_64-debian-clang 1.0.0 6.40 66.02 72.42 NOTE
r-devel-linux-x86_64-debian-gcc 1.0.0 5.38 51.41 56.79 NOTE
r-devel-linux-x86_64-fedora-clang 1.0.0 95.67 NOTE
r-devel-linux-x86_64-fedora-gcc 1.0.0 84.33 NOTE
r-devel-windows-x86_64 1.0.0 11.00 74.00 85.00 NOTE
r-devel-windows-x86_64-gcc10-UCRT 1.0.0 NOTE
r-patched-linux-x86_64 1.0.0 5.58 62.89 68.47 NOTE
r-patched-solaris-x86 1.0.0 130.10 NOTE
r-release-linux-x86_64 1.0.0 6.75 64.21 70.96 NOTE
r-release-macos-arm64 1.0.0 NOTE
r-release-macos-x86_64 1.0.0 NOTE
r-release-windows-ix86+x86_64 1.0.0 16.00 73.00 89.00 NOTE
r-oldrel-macos-x86_64 1.0.0 OK
r-oldrel-windows-ix86+x86_64 1.0.0 15.00 83.00 98.00 OK

Check Details

Version: 1.0.0
Check: LazyData
Result: NOTE
     'LazyData' is specified without a 'data' directory
Flavors: r-devel-linux-x86_64-debian-clang, r-devel-linux-x86_64-debian-gcc, r-devel-linux-x86_64-fedora-clang, r-devel-linux-x86_64-fedora-gcc, r-devel-windows-x86_64, r-devel-windows-x86_64-gcc10-UCRT, r-patched-linux-x86_64, r-patched-solaris-x86, r-release-linux-x86_64, r-release-macos-arm64, r-release-macos-x86_64, r-release-windows-ix86+x86_64