Last updated on 2021-03-08 19:51:09 CET.
Flavor | Version | Tinstall | Tcheck | Ttotal | Status | Flags |
---|---|---|---|---|---|---|
r-devel-linux-x86_64-debian-clang | 1.0-1 | 6.10 | 44.38 | 50.48 | OK | |
r-devel-linux-x86_64-debian-gcc | 1.0-1 | 4.05 | 33.88 | 37.93 | OK | |
r-devel-linux-x86_64-fedora-clang | 1.0-1 | 71.25 | OK | |||
r-devel-linux-x86_64-fedora-gcc | 1.0-1 | 61.22 | OK | |||
r-devel-windows-ix86+x86_64 | 1.0-1 | 9.00 | 44.00 | 53.00 | OK | |
r-devel-windows-x86_64-gcc10-UCRT | 1.0-1 | OK | ||||
r-patched-linux-x86_64 | 1.0-1 | 4.74 | 42.42 | 47.16 | OK | |
r-patched-solaris-x86 | 1.0-1 | 84.60 | OK | |||
r-release-linux-x86_64 | 1.0-1 | 5.20 | 42.82 | 48.02 | OK | |
r-release-macos-x86_64 | 1.0-1 | OK | ||||
r-release-windows-ix86+x86_64 | 1.0-1 | 8.00 | 56.00 | 64.00 | OK | |
r-oldrel-macos-x86_64 | 1.0-1 | WARN | ||||
r-oldrel-windows-ix86+x86_64 | 1.0-1 | 8.00 | 42.00 | 50.00 | OK |
Version: 1.0-1
Check: dependencies in R code
Result: NOTE
No protocol specified
No protocol specified
Flavor: r-oldrel-macos-x86_64
Version: 1.0-1
Check: S3 generic/method consistency
Result: WARN
No protocol specified
No protocol specified
See section ‘Generic functions and methods’ in the ‘Writing R
Extensions’ manual.
Flavor: r-oldrel-macos-x86_64
Version: 1.0-1
Check: replacement functions
Result: WARN
No protocol specified
No protocol specified
The argument of a replacement function which corresponds to the right
hand side must be named ‘value’.
Flavor: r-oldrel-macos-x86_64
Version: 1.0-1
Check: foreign function calls
Result: NOTE
No protocol specified
No protocol specified
See chapter ‘System and foreign language interfaces’ in the ‘Writing R
Extensions’ manual.
Flavor: r-oldrel-macos-x86_64
Version: 1.0-1
Check: R code for possible problems
Result: NOTE
No protocol specified
No protocol specified
Flavor: r-oldrel-macos-x86_64
Version: 1.0-1
Check: for missing documentation entries
Result: WARN
No protocol specified
No protocol specified
All user-level objects in a package should have documentation entries.
See chapter ‘Writing R documentation files’ in the ‘Writing R
Extensions’ manual.
Flavor: r-oldrel-macos-x86_64
Version: 1.0-1
Check: for code/documentation mismatches
Result: WARN
No protocol specified
No protocol specified
No protocol specified
No protocol specified
No protocol specified
No protocol specified
Flavor: r-oldrel-macos-x86_64
Version: 1.0-1
Check: Rd \usage sections
Result: NOTE
No protocol specified
No protocol specified
The \usage entries for S3 methods should use the \method markup and not
their full name.
See chapter ‘Writing R documentation files’ in the ‘Writing R
Extensions’ manual.
Flavor: r-oldrel-macos-x86_64