CRAN Package Check Results for Package gets

Last updated on 2021-01-20 03:48:06 CET.

Flavor Version Tinstall Tcheck Ttotal Status Flags
r-devel-linux-x86_64-debian-clang 0.26 11.21 100.60 111.81 OK
r-devel-linux-x86_64-debian-gcc 0.26 8.91 75.41 84.32 OK
r-devel-linux-x86_64-fedora-clang 0.26 140.41 OK
r-devel-linux-x86_64-fedora-gcc 0.26 133.50 OK
r-devel-windows-ix86+x86_64 0.26 14.00 91.00 105.00 OK
r-patched-linux-x86_64 0.26 10.37 95.30 105.67 OK
r-patched-solaris-x86 0.26 161.70 OK
r-release-linux-x86_64 0.26 10.33 82.24 92.57 WARN
r-release-macos-x86_64 0.26 OK
r-release-windows-ix86+x86_64 0.26 15.00 90.00 105.00 OK
r-oldrel-macos-x86_64 0.26 OK
r-oldrel-windows-ix86+x86_64 0.26 11.00 83.00 94.00 OK

Check Details

Version: 0.26
Check: re-building of vignette outputs
Result: WARN
    Error(s) in re-building vignettes:
     ...
    --- re-building ‘introduction.Rnw’ using Sweave
    Error: processing vignette 'introduction.Rnw' failed with diagnostics:
    Running ‘texi2dvi’ on ‘introduction.tex’ failed.
    LaTeX errors:
    ! Undefined control sequence.
    <recently read> \Hy@colorlink
    
    l.72 \begin{document}
    
    ! Undefined control sequence.
    \close@pdflink ->\Hy@endcolorlink
     \Hy@VerboseLinkStop \pdfendlink
    l.72 \begin{document}
    
    ! Undefined control sequence.
    \hyper@linkurl ...tionraw >>}\relax \Hy@colorlink
     \@urlcolor #1\Hy@xspace@en...
    l.72 \begin{document}
    
    ! Undefined control sequence.
    \close@pdflink ->\Hy@endcolorlink
     \Hy@VerboseLinkStop \pdfendlink
    l.72 \begin{document}
    
    --- failed re-building ‘introduction.Rnw’
    
    SUMMARY: processing the following file failed:
     ‘introduction.Rnw’
    
    Error: Vignette re-building failed.
    Execution halted
Flavor: r-release-linux-x86_64