Last updated on 2021-02-25 11:47:25 CET.
Flavor | Version | Tinstall | Tcheck | Ttotal | Status | Flags |
---|---|---|---|---|---|---|
r-devel-linux-x86_64-debian-clang | 0.1.1 | 7.56 | 73.24 | 80.80 | OK | |
r-devel-linux-x86_64-debian-gcc | 0.1.1 | 7.21 | 53.85 | 61.06 | OK | |
r-devel-linux-x86_64-fedora-clang | 0.1.1 | 103.37 | NOTE | |||
r-devel-linux-x86_64-fedora-gcc | 0.1.1 | 93.04 | NOTE | |||
r-devel-windows-ix86+x86_64 | 0.1.1 | 16.00 | 76.00 | 92.00 | OK | |
r-patched-linux-x86_64 | 0.1.1 | 7.42 | 68.50 | 75.92 | OK | |
r-patched-solaris-x86 | 0.1.1 | 131.10 | NOTE | |||
r-release-linux-x86_64 | 0.1.1 | 7.60 | 67.83 | 75.43 | OK | |
r-release-macos-x86_64 | 0.1.1 | NOTE | ||||
r-release-windows-ix86+x86_64 | 0.1.1 | 18.00 | 101.00 | 119.00 | OK | |
r-oldrel-macos-x86_64 | 0.1.1 | NOTE | ||||
r-oldrel-windows-ix86+x86_64 | 0.1.1 | 12.00 | 92.00 | 104.00 | OK |
Version: 0.1.1
Check: dependencies in R code
Result: NOTE
Namespaces in Imports field not imported from:
‘rlang’ ‘rlist’
All declared Imports should be used.
Flavors: r-devel-linux-x86_64-fedora-clang, r-devel-linux-x86_64-fedora-gcc, r-patched-solaris-x86, r-release-macos-x86_64, r-oldrel-macos-x86_64
Version: 0.1.1
Check: data for non-ASCII characters
Result: NOTE
Note: found 54 marked Latin-1 strings
Note: found 14285 marked UTF-8 strings
Flavors: r-devel-linux-x86_64-fedora-clang, r-devel-linux-x86_64-fedora-gcc, r-patched-solaris-x86, r-release-macos-x86_64, r-oldrel-macos-x86_64