CRAN Package Check Results for Package geometr

Last updated on 2021-09-22 07:51:17 CEST.

Flavor Version Tinstall Tcheck Ttotal Status Flags
r-devel-linux-x86_64-debian-clang 0.2.10 51.37 184.25 235.62 OK
r-devel-linux-x86_64-debian-gcc 0.2.10 37.69 134.20 171.89 OK
r-devel-linux-x86_64-fedora-clang 0.2.10 311.99 OK
r-devel-linux-x86_64-fedora-gcc 0.2.10 283.69 OK
r-devel-windows-x86_64-gcc10-UCRT 0.2.10 ERROR
r-patched-solaris-x86 0.2.10 312.20 OK
r-release-macos-arm64 0.2.9 NOTE
r-release-macos-x86_64 0.2.9 NOTE
r-oldrel-macos-x86_64 0.2.9 NOTE

Check Details

Version: 0.2.10
Check: package dependencies
Result: ERROR
    Packages required but not available: 'rgdal', 'sf'
    
    See section 'The DESCRIPTION file' in the 'Writing R Extensions'
    manual.
Flavor: r-devel-windows-x86_64-gcc10-UCRT

Version: 0.2.9
Check: dependencies in R code
Result: NOTE
    Namespaces in Imports field not imported from:
     ‘Rcpp’ ‘readr’
     All declared Imports should be used.
Flavors: r-release-macos-arm64, r-release-macos-x86_64, r-oldrel-macos-x86_64