CRAN Package Check Results for Package geofi

Last updated on 2021-11-27 07:49:50 CET.

Flavor Version Tinstall Tcheck Ttotal Status Flags
r-devel-linux-x86_64-debian-clang 1.0.5 OK
r-devel-linux-x86_64-debian-gcc 1.0.5 5.99 119.14 125.13 OK
r-devel-linux-x86_64-fedora-clang 1.0.5 213.81 NOTE
r-devel-linux-x86_64-fedora-gcc 1.0.5 200.84 NOTE
r-devel-windows-x86_64-new-UL 1.0.5 23.00 356.00 379.00 OK
r-devel-windows-x86_64-new-TK 1.0.5 NOTE
r-devel-windows-x86_64-old 1.0.5 13.00 248.00 261.00 OK
r-patched-linux-x86_64 1.0.5 8.95 155.91 164.86 OK
r-patched-solaris-x86 1.0.5 257.60 WARN
r-release-linux-x86_64 1.0.5 OK
r-release-macos-arm64 1.0.5 NOTE
r-release-macos-x86_64 1.0.5 NOTE
r-release-windows-ix86+x86_64 1.0.5 20.00 194.00 214.00 OK
r-oldrel-macos-x86_64 1.0.5 NOTE
r-oldrel-windows-ix86+x86_64 1.0.5 12.00 205.00 217.00 OK

Check Details

Version: 1.0.5
Check: data for non-ASCII characters
Result: NOTE
     Note: found 67497 marked UTF-8 strings
Flavors: r-devel-linux-x86_64-fedora-clang, r-devel-linux-x86_64-fedora-gcc, r-devel-windows-x86_64-new-TK, r-patched-solaris-x86, r-release-macos-arm64, r-release-macos-x86_64, r-oldrel-macos-x86_64

Version: 1.0.5
Check: re-building of vignette outputs
Result: WARN
    Error(s) in re-building vignettes:
     ...
    --- re-building ‘geofi_datasets.Rmd’ using rmarkdown
    Pandoc is required to build R Markdown vignettes but not available. Please make sure it is installed.
    
    geofi R package: tools for open GIS data for Finland.
    Part of rOpenGov <ropengov.org>.
    
    Attaching package: 'dplyr'
    
    The following objects are masked from 'package:stats':
    
     filter, lag
    
    The following objects are masked from 'package:base':
    
     intersect, setdiff, setequal, union
    
    Requesting response from: http://geo.stat.fi/geoserver/wfs?service=WFS&version=1.0.0&request=getFeature&typename=tilastointialueet%3Akunta4500k_2020
    Warning: Coercing CRS to epsg:3067 (ETRS89 / TM35FIN)
    Data is licensed under: Attribution 4.0 International (CC BY 4.0)
    Requesting response from: http://geo.stat.fi/geoserver/wfs?service=WFS&version=1.0.0&request=getFeature&typename=postialue%3Apno_2015
    Warning: Coercing CRS to epsg:3067 (ETRS89 / TM35FIN)
    Data is licensed under: Attribution 4.0 International (CC BY 4.0)
    Requesting response from: http://geo.stat.fi/geoserver/wfs?service=WFS&version=1.0.0&request=getFeature&typename=tilastointialueet%3Ahila5km
    Warning: Coercing CRS to epsg:3067 (ETRS89 / TM35FIN)
    Joining, by = c("nro", "euref_x", "euref_y")
    Data is licensed under: Attribution 4.0 International (CC BY 4.0)
    Requesting response from: http://geo.stat.fi/geoserver/wfs?service=WFS&version=1.0.0&request=getFeature&typename=vaestoruutu%3Avaki2018_5km
    Warning: Coercing CRS to epsg:3067 (ETRS89 / TM35FIN)
    Data is licensed under: Attribution 4.0 International (CC BY 4.0)
    pxweb 0.12.0: R tools for the PX-WEB API.
    https://github.com/ropengov/pxweb
    
    Joining, by = "kunta_name"
    `summarise()` has grouped output by 'maakunta_code', 'maakunta_name_fi'. You can override using the `.groups` argument.
    Note: You provided a user-specified grid. If this is a generally-useful
     grid, please consider submitting it to become a part of the geofacet
     package. You can do this easily by calling:
     grid_submit(__grid_df_name__)
    --- finished re-building ‘geofi_datasets.Rmd’
    
    --- re-building ‘geofi_joining_attribute_data.Rmd’ using rmarkdown
    Pandoc is required to build R Markdown vignettes but not available. Please make sure it is installed.
    
    geofi R package: tools for open GIS data for Finland.
    Part of rOpenGov <ropengov.org>.
    Requesting response from: http://geo.stat.fi/geoserver/wfs?service=WFS&version=1.0.0&request=getFeature&typename=tilastointialueet%3Akunta4500k_2019
    Warning: Coercing CRS to epsg:3067 (ETRS89 / TM35FIN)
    Data is licensed under: Attribution 4.0 International (CC BY 4.0)
    pxweb 0.12.0: R tools for the PX-WEB API.
    https://github.com/ropengov/pxweb
    
    
    Attaching package: 'dplyr'
    
    The following objects are masked from 'package:stats':
    
     filter, lag
    
    The following objects are masked from 'package:base':
    
     intersect, setdiff, setequal, union
    
    
    Attaching package: 'janitor'
    
    The following objects are masked from 'package:stats':
    
     chisq.test, fisher.test
    
    Linking to GEOS 3.10.0, GDAL 2.4.4, PROJ 5.2.0
    Warning in pxweb_as_data_frame.pxweb_data(x, row.names = row.names, optional = optional, :
     NAs introduced by coercion
    Warning in pxweb_as_data_frame.pxweb_data(x, row.names = row.names, optional = optional, :
     NAs introduced by coercion
    Warning in pxweb_as_data_frame.pxweb_data(x, row.names = row.names, optional = optional, :
     NAs introduced by coercion
    Warning in pxweb_as_data_frame.pxweb_data(x, row.names = row.names, optional = optional, :
     NAs introduced by coercion
    Warning in pxweb_as_data_frame.pxweb_data(x, row.names = row.names, optional = optional, :
     NAs introduced by coercion
    Warning in pxweb_as_data_frame.pxweb_data(x, row.names = row.names, optional = optional, :
     NAs introduced by coercion
    Warning in pxweb_as_data_frame.pxweb_data(x, row.names = row.names, optional = optional, :
     NAs introduced by coercion
    Warning in pxweb_as_data_frame.pxweb_data(x, row.names = row.names, optional = optional, :
     NAs introduced by coercion
    Warning in pxweb_as_data_frame.pxweb_data(x, row.names = row.names, optional = optional, :
     NAs introduced by coercion
    Warning in pxweb_as_data_frame.pxweb_data(x, row.names = row.names, optional = optional, :
     NAs introduced by coercion
    Warning in pxweb_as_data_frame.pxweb_data(x, row.names = row.names, optional = optional, :
     NAs introduced by coercion
    Requesting response from: http://geo.stat.fi/geoserver/wfs?service=WFS&version=1.0.0&request=getFeature&typename=tilastointialueet%3Akunta4500k_2021
    Warning: Coercing CRS to epsg:3067 (ETRS89 / TM35FIN)
    Data is licensed under: Attribution 4.0 International (CC BY 4.0)
    Warning in pxweb_as_data_frame.pxweb_data(x, row.names = row.names, optional = optional, :
     NAs introduced by coercion
    Requesting response from: http://geo.stat.fi/geoserver/wfs?service=WFS&version=1.0.0&request=getFeature&typename=postialue%3Apno_2019
    Warning: Coercing CRS to epsg:3067 (ETRS89 / TM35FIN)
    Data is licensed under: Attribution 4.0 International (CC BY 4.0)
    Joining, by = "posti_alue"
    --- finished re-building ‘geofi_joining_attribute_data.Rmd’
    
    --- re-building ‘geofi_making_maps.Rmd’ using rmarkdown
    Pandoc is required to build R Markdown vignettes but not available. Please make sure it is installed.
    
    geofi R package: tools for open GIS data for Finland.
    Part of rOpenGov <ropengov.org>.
    Requesting response from: http://geo.stat.fi/geoserver/wfs?service=WFS&version=1.0.0&request=getFeature&typename=tilastointialueet%3Akunta4500k_2021
    Warning: Coercing CRS to epsg:3067 (ETRS89 / TM35FIN)
    Data is licensed under: Attribution 4.0 International (CC BY 4.0)
    Linking to GEOS 3.10.0, GDAL 2.4.4, PROJ 5.2.0
    
    Attaching package: 'dplyr'
    
    The following objects are masked from 'package:stats':
    
     filter, lag
    
    The following objects are masked from 'package:base':
    
     intersect, setdiff, setequal, union
    
    Warning in st_centroid.sf(.) :
     st_centroid assumes attributes are constant over geometries of x
    Joining, by = "municipality_code"
    Quitting from lines 245-295 (geofi_making_maps.Rmd)
    Error: processing vignette 'geofi_making_maps.Rmd' failed with diagnostics:
    there is no package called 'webshot'
    --- failed re-building ‘geofi_making_maps.Rmd’
    
    --- re-building ‘geofi_spatial_analysis.Rmd’ using rmarkdown
    Pandoc is required to build R Markdown vignettes but not available. Please make sure it is installed.
    
    geofi R package: tools for open GIS data for Finland.
    Part of rOpenGov <ropengov.org>.
    Linking to GEOS 3.10.0, GDAL 2.4.4, PROJ 5.2.0
    
    Attaching package: 'dplyr'
    
    The following objects are masked from 'package:stats':
    
     filter, lag
    
    The following objects are masked from 'package:base':
    
     intersect, setdiff, setequal, union
    
    Requesting response from: http://geo.stat.fi/geoserver/wfs?service=WFS&version=1.0.0&request=getFeature&typename=tilastointialueet%3Akunta4500k_2021
    Warning: Coercing CRS to epsg:3067 (ETRS89 / TM35FIN)
    Data is licensed under: Attribution 4.0 International (CC BY 4.0)
    Warning: attribute variables are assumed to be spatially constant throughout all geometries
    Warning in st_centroid.sf(muni) :
     st_centroid assumes attributes are constant over geometries of x
    Warning: attribute variables are assumed to be spatially constant throughout all geometries
    --- finished re-building ‘geofi_spatial_analysis.Rmd’
    
    SUMMARY: processing the following file failed:
     ‘geofi_making_maps.Rmd’
    
    Error: Vignette re-building failed.
    Execution halted
Flavor: r-patched-solaris-x86