Last updated on 2021-04-13 07:47:44 CEST.
Flavor | Version | Tinstall | Tcheck | Ttotal | Status | Flags |
---|---|---|---|---|---|---|
r-devel-linux-x86_64-debian-clang | 0.2.0 | 9.37 | 280.73 | 290.10 | OK | |
r-devel-linux-x86_64-debian-gcc | 0.2.0 | 7.66 | 196.62 | 204.28 | OK | |
r-devel-linux-x86_64-fedora-clang | 0.2.0 | 337.03 | NOTE | |||
r-devel-linux-x86_64-fedora-gcc | 0.2.0 | 318.68 | NOTE | |||
r-devel-windows-ix86+x86_64 | 0.2.0 | 25.00 | 300.00 | 325.00 | OK | |
r-devel-windows-x86_64-gcc10-UCRT | 0.2.0 | NOTE | ||||
r-patched-linux-x86_64 | 0.2.0 | 9.17 | 256.08 | 265.25 | OK | |
r-patched-solaris-x86 | 0.2.0 | 411.20 | NOTE | |||
r-release-linux-x86_64 | 0.2.0 | 8.93 | 256.23 | 265.16 | OK | |
r-release-macos-x86_64 | 0.2.0 | NOTE | ||||
r-release-windows-ix86+x86_64 | 0.2.0 | 26.00 | 322.00 | 348.00 | OK | |
r-oldrel-macos-x86_64 | 0.2.0 | NOTE | ||||
r-oldrel-windows-ix86+x86_64 | 0.2.0 | 18.00 | 266.00 | 284.00 | OK |
Version: 0.2.0
Check: dependencies in R code
Result: NOTE
Namespace in Imports field not imported from: ‘sf’
All declared Imports should be used.
Flavors: r-devel-linux-x86_64-fedora-clang, r-devel-linux-x86_64-fedora-gcc, r-devel-windows-x86_64-gcc10-UCRT, r-patched-solaris-x86, r-release-macos-x86_64, r-oldrel-macos-x86_64
Version: 0.2.0
Check: data for non-ASCII characters
Result: NOTE
Note: found 646 marked UTF-8 strings
Flavors: r-devel-linux-x86_64-fedora-clang, r-devel-linux-x86_64-fedora-gcc, r-devel-windows-x86_64-gcc10-UCRT, r-patched-solaris-x86, r-release-macos-x86_64, r-oldrel-macos-x86_64