CRAN Package Check Results for Package geocacheR

Last updated on 2021-03-04 15:49:18 CET.

Flavor Version Tinstall Tcheck Ttotal Status Flags
r-devel-linux-x86_64-debian-clang 0.1.0 3.90 42.16 46.06 OK
r-devel-linux-x86_64-debian-gcc 0.1.0 2.89 31.80 34.69 OK
r-devel-linux-x86_64-fedora-clang 0.1.0 64.36 NOTE
r-devel-linux-x86_64-fedora-gcc 0.1.0 53.37 NOTE
r-devel-windows-ix86+x86_64 0.1.0 14.00 59.00 73.00 OK
r-patched-linux-x86_64 0.1.0 4.08 39.36 43.44 OK
r-patched-solaris-x86 0.1.0 78.50 NOTE
r-release-linux-x86_64 0.1.0 3.74 39.47 43.21 OK
r-release-macos-x86_64 0.1.0 NOTE
r-release-windows-ix86+x86_64 0.1.0 10.00 47.00 57.00 OK
r-oldrel-macos-x86_64 0.1.0 NOTE
r-oldrel-windows-ix86+x86_64 0.1.0 8.00 54.00 62.00 OK

Check Details

Version: 0.1.0
Check: dependencies in R code
Result: NOTE
    Namespace in Imports field not imported from: ‘tibble’
     All declared Imports should be used.
Flavors: r-devel-linux-x86_64-fedora-clang, r-devel-linux-x86_64-fedora-gcc, r-patched-solaris-x86, r-release-macos-x86_64, r-oldrel-macos-x86_64