Last updated on 2021-03-07 19:48:56 CET.
Flavor | Version | Tinstall | Tcheck | Ttotal | Status | Flags |
---|---|---|---|---|---|---|
r-devel-linux-x86_64-debian-clang | 1.5-1 | 4.70 | 71.06 | 75.76 | OK | |
r-devel-linux-x86_64-debian-gcc | 1.5-1 | 3.61 | 52.62 | 56.23 | OK | |
r-devel-linux-x86_64-fedora-clang | 1.5-1 | 99.35 | NOTE | |||
r-devel-linux-x86_64-fedora-gcc | 1.5-1 | 87.01 | NOTE | |||
r-devel-windows-ix86+x86_64 | 1.5-1 | 14.00 | 120.00 | 134.00 | OK | |
r-devel-windows-x86_64-gcc10-UCRT | 1.5-1 | NOTE | ||||
r-patched-linux-x86_64 | 1.5-1 | 4.61 | 66.52 | 71.13 | OK | |
r-patched-solaris-x86 | 1.5-1 | 133.00 | NOTE | |||
r-release-linux-x86_64 | 1.5-1 | 4.11 | 66.89 | 71.00 | OK | |
r-release-macos-x86_64 | 1.5-1 | NOTE | ||||
r-release-windows-ix86+x86_64 | 1.5-1 | 11.00 | 100.00 | 111.00 | OK | |
r-oldrel-macos-x86_64 | 1.5-1 | NOTE | ||||
r-oldrel-windows-ix86+x86_64 | 1.5-1 | 9.00 | 107.00 | 116.00 | OK |
Version: 1.5-1
Check: data for non-ASCII characters
Result: NOTE
Note: found 58 marked Latin-1 strings
Flavors: r-devel-linux-x86_64-fedora-clang, r-devel-linux-x86_64-fedora-gcc, r-devel-windows-x86_64-gcc10-UCRT, r-patched-solaris-x86, r-release-macos-x86_64, r-oldrel-macos-x86_64