Last updated on 2023-12-04 07:50:56 CET.
Flavor | Version | Tinstall | Tcheck | Ttotal | Status | Flags |
---|---|---|---|---|---|---|
r-devel-linux-x86_64-debian-clang | 1.9-2 | 30.99 | 158.41 | 189.40 | WARN | |
r-devel-linux-x86_64-debian-gcc | 1.9-2 | 20.86 | 118.35 | 139.21 | WARN | |
r-devel-linux-x86_64-fedora-clang | 1.9-2 | 240.82 | WARN | |||
r-devel-linux-x86_64-fedora-gcc | 1.9-2 | 221.32 | WARN | |||
r-devel-windows-x86_64 | 1.9-2 | 23.00 | 133.00 | 156.00 | WARN | |
r-patched-linux-x86_64 | 1.9-2 | 26.25 | 154.95 | 181.20 | OK | |
r-release-linux-x86_64 | 1.9-2 | 19.46 | 150.58 | 170.04 | OK | |
r-release-macos-arm64 | 1.9-2 | 59.00 | OK | |||
r-release-macos-x86_64 | 1.9-2 | 114.00 | NOTE | |||
r-release-windows-x86_64 | 1.9-2 | 27.00 | 165.00 | 192.00 | OK | |
r-oldrel-macos-arm64 | 1.9-2 | 109.00 | OK | |||
r-oldrel-macos-x86_64 | 1.9-2 | 164.00 | OK | |||
r-oldrel-windows-x86_64 | 1.9-2 | 42.00 | 160.00 | 202.00 | OK |
Version: 1.9-2
Check: whether package can be installed
Result: WARN
Found the following significant warnings:
geoR.c:595:59: warning: format specifies type 'long' but the argument has type 'int' [-Wformat]
See ‘/home/hornik/tmp/R.check/r-devel-clang/Work/PKGS/geoR.Rcheck/00install.out’ for details.
* used C compiler: ‘Debian clang version 17.0.5 (1)’
Flavor: r-devel-linux-x86_64-debian-clang
Version: 1.9-2
Check: Rd files
Result: NOTE
checkRd: (-1) geoR-defunct.Rd:30-31: Lost braces in \enumerate; meant \describe ?
checkRd: (-1) geoR-defunct.Rd:33-34: Lost braces in \enumerate; meant \describe ?
checkRd: (-1) geoR-defunct.Rd:36-39: Lost braces in \enumerate; meant \describe ?
checkRd: (-1) geoR-defunct.Rd:41-42: Lost braces in \enumerate; meant \describe ?
checkRd: (-1) krige.bayes.Rd:275-276: Lost braces in \itemize; \value handles \item{}{} directly
checkRd: (-1) krige.bayes.Rd:277-278: Lost braces in \itemize; \value handles \item{}{} directly
checkRd: (-1) krige.bayes.Rd:279-280: Lost braces in \itemize; \value handles \item{}{} directly
checkRd: (-1) krige.bayes.Rd:281-283: Lost braces in \itemize; \value handles \item{}{} directly
checkRd: (-1) krige.bayes.Rd:284-285: Lost braces in \itemize; \value handles \item{}{} directly
checkRd: (-1) krige.bayes.Rd:286-288: Lost braces in \itemize; \value handles \item{}{} directly
checkRd: (-1) krige.bayes.Rd:296: Lost braces in \itemize; \value handles \item{}{} directly
checkRd: (-1) krige.bayes.Rd:297: Lost braces in \itemize; \value handles \item{}{} directly
checkRd: (-1) krige.bayes.Rd:298: Lost braces in \itemize; \value handles \item{}{} directly
checkRd: (-1) krige.bayes.Rd:299: Lost braces in \itemize; \value handles \item{}{} directly
checkRd: (-1) krige.bayes.Rd:300: Lost braces in \itemize; \value handles \item{}{} directly
checkRd: (-1) krige.bayes.Rd:301: Lost braces in \itemize; \value handles \item{}{} directly
checkRd: (-1) krige.bayes.Rd:302: Lost braces in \itemize; \value handles \item{}{} directly
checkRd: (-1) krige.bayes.Rd:303: Lost braces in \itemize; \value handles \item{}{} directly
checkRd: (-1) lines.krige.bayes.Rd:47: Lost braces
47 | \item[1.]{"variogram": }{for each sample of the parameters the variogram
| ^
checkRd: (-1) lines.krige.bayes.Rd:47-51: Lost braces
47 | \item[1.]{"variogram": }{for each sample of the parameters the variogram
| ^
checkRd: (-1) lines.krige.bayes.Rd:52: Lost braces
52 | \item[2.]{"parameters": }{in this case summaries of the posterior
| ^
checkRd: (-1) lines.krige.bayes.Rd:52-62: Lost braces
52 | \item[2.]{"parameters": }{in this case summaries of the posterior
| ^
checkRd: (-1) trend.spatial.Rd:35-37: Lost braces in \itemize; meant \describe ?
checkRd: (-1) trend.spatial.Rd:38-41: Lost braces in \itemize; meant \describe ?
checkRd: (-1) trend.spatial.Rd:42-47: Lost braces in \itemize; meant \describe ?
checkRd: (-1) trend.spatial.Rd:48-53: Lost braces in \itemize; meant \describe ?
Flavors: r-devel-linux-x86_64-debian-clang, r-devel-linux-x86_64-debian-gcc
Version: 1.9-2
Check: whether package can be installed
Result: WARN
Found the following significant warnings:
geoR.c:595:22: warning: format ‘%ld’ expects argument of type ‘long int’, but argument 3 has type ‘int’ [-Wformat=]
See ‘/home/hornik/tmp/R.check/r-devel-gcc/Work/PKGS/geoR.Rcheck/00install.out’ for details.
* used C compiler: ‘gcc-13 (Debian 13.2.0-5) 13.2.0’
Flavor: r-devel-linux-x86_64-debian-gcc
Version: 1.9-2
Check: whether package can be installed
Result: WARN
Found the following significant warnings:
geoR.c:595:59: warning: format specifies type 'long' but the argument has type 'int' [-Wformat]
See ‘/data/gannet/ripley/R/packages/tests-clang/geoR.Rcheck/00install.out’ for details.
* used C compiler: ‘clang version 17.0.5’
Flavor: r-devel-linux-x86_64-fedora-clang
Version: 1.9-2
Check: Rd cross-references
Result: NOTE
Undeclared package ‘car’ in Rd xrefs
Flavor: r-devel-linux-x86_64-fedora-clang
Version: 1.9-2
Check: whether package can be installed
Result: WARN
Found the following significant warnings:
geoR.c:595:22: warning: format '%ld' expects argument of type 'long int', but argument 3 has type 'int' [-Wformat=]
See ‘/data/gannet/ripley/R/packages/tests-devel/geoR.Rcheck/00install.out’ for details.
* used C compiler: ‘gcc-13 (GCC) 13.2.0’
Flavor: r-devel-linux-x86_64-fedora-gcc
Version: 1.9-2
Check: whether package can be installed
Result: WARN
Found the following significant warnings:
geoR.c:595:22: warning: format '%ld' expects argument of type 'long int', but argument 3 has type 'int' [-Wformat=]
See 'd:/Rcompile/CRANpkg/local/4.4/geoR.Rcheck/00install.out' for details.
* used C compiler: 'gcc.exe (GCC) 12.3.0'
Flavor: r-devel-windows-x86_64
Version: 1.9-2
Check: Rd cross-references
Result: NOTE
Package unavailable to check Rd xrefs: ‘car’
Flavor: r-release-macos-x86_64