Last updated on 2023-03-21 07:54:10 CET.
Flavor | Version | Tinstall | Tcheck | Ttotal | Status | Flags |
---|---|---|---|---|---|---|
r-devel-linux-x86_64-debian-clang | 1.9-2 | OK | ||||
r-devel-linux-x86_64-debian-gcc | 1.9-2 | 18.25 | 119.56 | 137.81 | OK | |
r-devel-linux-x86_64-fedora-clang | 1.9-2 | 248.78 | NOTE | |||
r-devel-linux-x86_64-fedora-gcc | 1.9-2 | 220.28 | OK | |||
r-devel-windows-x86_64 | 1.9-2 | 68.00 | 190.00 | 258.00 | WARN | |
r-patched-linux-x86_64 | 1.9-2 | 37.83 | 166.79 | 204.62 | OK | |
r-release-linux-x86_64 | 1.9-2 | 33.55 | 168.93 | 202.48 | OK | |
r-release-macos-arm64 | 1.9-2 | 101.00 | OK | |||
r-release-macos-x86_64 | 1.9-2 | 164.00 | OK | |||
r-release-windows-x86_64 | 1.9-2 | 67.00 | 179.00 | 246.00 | OK | |
r-oldrel-macos-arm64 | 1.9-2 | 93.00 | OK | |||
r-oldrel-macos-x86_64 | 1.9-2 | 159.00 | OK | |||
r-oldrel-windows-ix86+x86_64 | 1.9-2 | 44.00 | 206.00 | 250.00 | OK |
Version: 1.9-2
Check: Rd cross-references
Result: NOTE
Undeclared package ‘car’ in Rd xrefs
Flavor: r-devel-linux-x86_64-fedora-clang
Version: 1.9-2
Check: Rd files
Result: WARN
Warning in grepl(re_anchor(pattern), address) :
TRE pattern compilation error 'Out of memory'
invalid regular expression '^(\".+\"|([ABCDEFGHIJKLMNOPQRSTUVWXYZabcdefghijklmnopqrstuvwxyz0123456789!#$%*/?|^{}`~&'+=_-]+\.)*[ABCDEFGHIJKLMNOPQRSTUVWXYZabcdefghijklmnopqrstuvwxyz0123456789!#$%*/?|^{}`~&'+=_-]+)@([ABCDEFGHIJKLMNOPQRSTUVWXYZabcdefghijklmnopqrstuvwxyz0123456789-]+\.)*[ABCDEFGHIJKLMNOPQRSTUVWXYZabcdefghijklmnopqrstuvwxyz0123456789-]+$', reason 'Out of memory'
Warning in grepl(re_anchor(pattern), address) :
TRE pattern compilation error 'Out of memory'
invalid regular expression '^(\".+\"|([ABCDEFGHIJKLMNOPQRSTUVWXYZabcdefghijklmnopqrstuvwxyz0123456789!#$%*/?|^{}`~&'+=_-]+\.)*[ABCDEFGHIJKLMNOPQRSTUVWXYZabcdefghijklmnopqrstuvwxyz0123456789!#$%*/?|^{}`~&'+=_-]+)@([ABCDEFGHIJKLMNOPQRSTUVWXYZabcdefghijklmnopqrstuvwxyz0123456789-]+\.)*[ABCDEFGHIJKLMNOPQRSTUVWXYZabcdefghijklmnopqrstuvwxyz0123456789-]+$', reason 'Out of memory'
Warning in grepl(re_anchor(pattern), address) :
TRE pattern compilation error 'Out of memory'
invalid regular expression '^(\".+\"|([ABCDEFGHIJKLMNOPQRSTUVWXYZabcdefghijklmnopqrstuvwxyz0123456789!#$%*/?|^{}`~&'+=_-]+\.)*[ABCDEFGHIJKLMNOPQRSTUVWXYZabcdefghijklmnopqrstuvwxyz0123456789!#$%*/?|^{}`~&'+=_-]+)@([ABCDEFGHIJKLMNOPQRSTUVWXYZabcdefghijklmnopqrstuvwxyz0123456789-]+\.)*[ABCDEFGHIJKLMNOPQRSTUVWXYZabcdefghijklmnopqrstuvwxyz0123456789-]+$', reason 'Out of memory'
Warning in grepl(re_anchor(pattern), address) :
TRE pattern compilation error 'Out of memory'
invalid regular expression '^(\".+\"|([ABCDEFGHIJKLMNOPQRSTUVWXYZabcdefghijklmnopqrstuvwxyz0123456789!#$%*/?|^{}`~&'+=_-]+\.)*[ABCDEFGHIJKLMNOPQRSTUVWXYZabcdefghijklmnopqrstuvwxyz0123456789!#$%*/?|^{}`~&'+=_-]+)@([ABCDEFGHIJKLMNOPQRSTUVWXYZabcdefghijklmnopqrstuvwxyz0123456789-]+\.)*[ABCDEFGHIJKLMNOPQRSTUVWXYZabcdefghijklmnopqrstuvwxyz0123456789-]+$', reason 'Out of memory'
Warning in grepl(re_anchor(pattern), address) :
TRE pattern compilation error 'Out of memory'
invalid regular expression '^(\".+\"|([ABCDEFGHIJKLMNOPQRSTUVWXYZabcdefghijklmnopqrstuvwxyz0123456789!#$%*/?|^{}`~&'+=_-]+\.)*[ABCDEFGHIJKLMNOPQRSTUVWXYZabcdefghijklmnopqrstuvwxyz0123456789!#$%*/?|^{}`~&'+=_-]+)@([ABCDEFGHIJKLMNOPQRSTUVWXYZabcdefghijklmnopqrstuvwxyz0123456789-]+\.)*[ABCDEFGHIJKLMNOPQRSTUVWXYZabcdefghijklmnopqrstuvwxyz0123456789-]+$', reason 'Out of memory'
Warning in grepl(re_anchor(pattern), address) :
TRE pattern compilation error 'Out of memory'
invalid regular expression '^(\".+\"|([ABCDEFGHIJKLMNOPQRSTUVWXYZabcdefghijklmnopqrstuvwxyz0123456789!#$%*/?|^{}`~&'+=_-]+\.)*[ABCDEFGHIJKLMNOPQRSTUVWXYZabcdefghijklmnopqrstuvwxyz0123456789!#$%*/?|^{}`~&'+=_-]+)@([ABCDEFGHIJKLMNOPQRSTUVWXYZabcdefghijklmnopqrstuvwxyz0123456789-]+\.)*[ABCDEFGHIJKLMNOPQRSTUVWXYZabcdefghijklmnopqrstuvwxyz0123456789-]+$', reason 'Out of memory'
Warning in grepl(re_anchor(pattern), address) :
TRE pattern compilation error 'Out of memory'
invalid regular expression '^(\".+\"|([ABCDEFGHIJKLMNOPQRSTUVWXYZabcdefghijklmnopqrstuvwxyz0123456789!#$%*/?|^{}`~&'+=_-]+\.)*[ABCDEFGHIJKLMNOPQRSTUVWXYZabcdefghijklmnopqrstuvwxyz0123456789!#$%*/?|^{}`~&'+=_-]+)@([ABCDEFGHIJKLMNOPQRSTUVWXYZabcdefghijklmnopqrstuvwxyz0123456789-]+\.)*[ABCDEFGHIJKLMNOPQRSTUVWXYZabcdefghijklmnopqrstuvwxyz0123456789-]+$', reason 'Out of memory'
Warning in grepl(re_anchor(pattern), address) :
TRE pattern compilation error 'Out of memory'
invalid regular expression '^(\".+\"|([ABCDEFGHIJKLMNOPQRSTUVWXYZabcdefghijklmnopqrstuvwxyz0123456789!#$%*/?|^{}`~&'+=_-]+\.)*[ABCDEFGHIJKLMNOPQRSTUVWXYZabcdefghijklmnopqrstuvwxyz0123456789!#$%*/?|^{}`~&'+=_-]+)@([ABCDEFGHIJKLMNOPQRSTUVWXYZabcdefghijklmnopqrstuvwxyz0123456789-]+\.)*[ABCDEFGHIJKLMNOPQRSTUVWXYZabcdefghijklmnopqrstuvwxyz0123456789-]+$', reason 'Out of memory'
problems found in 'ksline.Rd', 'likfitBGCCM.Rd', 'lines.variogram.Rd', 'lines.variomodel.Rd', 'lines.variomodel.grf.Rd', 'loglik.GRF.Rd', 'plot.grf.Rd', 'plot.krige.bayes.Rd'
Flavor: r-devel-windows-x86_64