CRAN Package Check Results for Package genius

Last updated on 2021-02-25 11:47:25 CET.

Flavor Version Tinstall Tcheck Ttotal Status Flags
r-devel-linux-x86_64-debian-clang 2.2.2 9.04 98.54 107.58 OK
r-devel-linux-x86_64-debian-gcc 2.2.2 8.01 73.25 81.26 OK
r-devel-linux-x86_64-fedora-clang 2.2.2 134.69 OK
r-devel-linux-x86_64-fedora-gcc 2.2.2 125.07 OK
r-devel-windows-ix86+x86_64 2.2.2 19.00 196.00 215.00 OK
r-patched-linux-x86_64 2.2.2 9.75 91.61 101.36 OK
r-patched-solaris-x86 2.2.2 182.70 OK
r-release-linux-x86_64 2.2.2 8.84 91.83 100.67 OK
r-release-macos-x86_64 2.2.2 OK
r-release-windows-ix86+x86_64 2.2.2 24.00 251.00 275.00 WARN
r-oldrel-macos-x86_64 2.2.2 OK
r-oldrel-windows-ix86+x86_64 2.2.2 16.00 230.00 246.00 OK

Check Details

Version: 2.2.2
Check: R files for syntax errors
Result: WARN
    Warnings in file 'R/utils.R':
     unable to translate '<U+00E9>' to native encoding
     unable to translate '<U+00F6>' to native encoding
     unable to translate '<U+00F8>' to native encoding
     unable to translate '<U+2019>' to native encoding
Flavor: r-release-windows-ix86+x86_64