CRAN Package Check Results for Package genetics

Last updated on 2021-03-07 19:48:56 CET.

Flavor Version Tinstall Tcheck Ttotal Status Flags
r-devel-linux-x86_64-debian-clang 1.3.8.1.3 5.93 68.19 74.12 OK
r-devel-linux-x86_64-debian-gcc 1.3.8.1.3 4.93 49.36 54.29 OK
r-devel-linux-x86_64-fedora-clang 1.3.8.1.3 95.60 NOTE
r-devel-linux-x86_64-fedora-gcc 1.3.8.1.3 90.05 OK
r-devel-windows-ix86+x86_64 1.3.8.1.2 11.00 82.00 93.00 OK
r-devel-windows-x86_64-gcc10-UCRT 1.3.8.1.3 OK
r-patched-linux-x86_64 1.3.8.1.3 6.07 63.17 69.24 OK
r-patched-solaris-x86 1.3.8.1.3 101.90 OK
r-release-linux-x86_64 1.3.8.1.3 5.79 63.25 69.04 OK
r-release-macos-x86_64 1.3.8.1.3 OK
r-release-windows-ix86+x86_64 1.3.8.1.3 11.00 80.00 91.00 OK
r-oldrel-macos-x86_64 1.3.8.1.3 OK
r-oldrel-windows-ix86+x86_64 1.3.8.1.3 10.00 82.00 92.00 OK

Check Details

Version: 1.3.8.1.3
Check: Rd cross-references
Result: NOTE
    Undeclared package ‘bootstrap’ in Rd xrefs
Flavor: r-devel-linux-x86_64-fedora-clang