CRAN Package Check Results for Package geneHapR

Last updated on 2024-04-21 00:57:27 CEST.

Flavor Version Tinstall Tcheck Ttotal Status Flags
r-devel-linux-x86_64-debian-clang 1.2.4 0.75 2.39 3.14 ERROR
r-devel-linux-x86_64-debian-gcc 1.2.4 1.92 1.92 ERROR
r-devel-linux-x86_64-fedora-clang 1.2.4 743.17 OK
r-devel-linux-x86_64-fedora-gcc 1.2.4 766.42 OK
r-prerel-macos-arm64 1.2.4 193.00 OK
r-prerel-macos-x86_64 1.2.4 221.00 OK
r-prerel-windows-x86_64 1.2.4 54.00 381.00 435.00 OK
r-patched-linux-x86_64 1.2.4 47.85 492.88 540.73 OK
r-release-linux-x86_64 1.2.4 58.54 509.24 567.78 OK
r-release-macos-arm64 1.2.4 179.00 OK
r-release-macos-x86_64 1.2.4 228.00 OK
r-release-windows-x86_64 1.2.4 72.00 500.00 572.00 OK
r-oldrel-macos-arm64 1.2.4 161.00 OK
r-oldrel-windows-x86_64 1.2.4 67.00 450.00 517.00 OK

Check Details

Version: 1.2.4
Check: package dependencies
Result: ERROR Packages required but not available: 'Biostrings', 'GenomicRanges', 'lolliplot', 'rtracklayer' See section ‘The DESCRIPTION file’ in the ‘Writing R Extensions’ manual. Flavor: r-devel-linux-x86_64-debian-clang

Version: 1.2.4
Check: package dependencies
Result: ERROR Package required but not available: ‘rtracklayer’ See section ‘The DESCRIPTION file’ in the ‘Writing R Extensions’ manual. Flavor: r-devel-linux-x86_64-debian-gcc