Last updated on 2023-03-21 11:53:49 CET.
Flavor | Version | Tinstall | Tcheck | Ttotal | Status | Flags |
---|---|---|---|---|---|---|
r-devel-linux-x86_64-debian-clang | 1.1.8 | 50.48 | 449.46 | 499.94 | OK | |
r-devel-linux-x86_64-debian-gcc | 1.1.8 | 46.05 | 341.61 | 387.66 | OK | |
r-devel-linux-x86_64-fedora-clang | 1.1.8 | 659.07 | NOTE | |||
r-devel-linux-x86_64-fedora-gcc | 1.1.8 | 621.66 | NOTE | |||
r-devel-windows-x86_64 | 1.1.8 | 80.00 | 409.00 | 489.00 | WARN | |
r-patched-linux-x86_64 | 1.1.8 | 49.51 | 410.57 | 460.08 | OK | |
r-release-linux-x86_64 | 1.1.8 | 49.62 | 420.04 | 469.66 | OK | |
r-release-macos-arm64 | 1.1.8 | 103.00 | OK | |||
r-release-macos-x86_64 | 1.1.8 | 201.00 | NOTE | |||
r-release-windows-x86_64 | 1.1.8 | 78.00 | 467.00 | 545.00 | OK | |
r-oldrel-macos-arm64 | 1.1.8 | 119.00 | NOTE | |||
r-oldrel-macos-x86_64 | 1.1.8 | 193.00 | NOTE | |||
r-oldrel-windows-ix86+x86_64 | 1.1.8 | 106.00 | 449.00 | 555.00 | OK |
Version: 1.1.8
Check: dependencies in R code
Result: NOTE
Namespaces in Imports field not imported from:
‘shiny’ ‘shinyjs’
All declared Imports should be used.
Flavors: r-devel-linux-x86_64-fedora-clang, r-devel-linux-x86_64-fedora-gcc
Version: 1.1.8
Check: Rd cross-references
Result: NOTE
Undeclared package ‘RColorBrewer’ in Rd xrefs
Flavor: r-devel-linux-x86_64-fedora-clang
Version: 1.1.8
Check: replacement functions
Result: WARN
Error: unable to load shared object 'D:/RCompile/CRANpkg/lib/4.3/Biostrings/libs/x64/Biostrings.dll':
LoadLibrary failure: Die Auslagerungsdatei ist zu klein, um diesen Vorgang durchzuführen.
Call sequence:
7: inDL(x, as.logical(local), as.logical(now), ...)
6: dyn.load(file, DLLpath = DLLpath, ...)
5: library.dynam(lib, package, package.lib)
4: loadNamespace(j <- i[[1L]], c(lib.loc, .libPaths()), versionCheck = vI[[j]])
3: asNamespace(ns)
2: namespaceImportFrom(ns, loadNamespace(j <- i[[1L]], c(lib.loc,
.libPaths()), versionCheck = vI[[j]]), i[[2L]], from = package)
1: loadNamespace(package, lib.loc)
Execution halted
The argument of a replacement function which corresponds to the right
hand side must be named 'value'.
Flavor: r-devel-windows-x86_64
Version: 1.1.8
Check: for code/documentation mismatches
Result: WARN
Mingw-w64 runtime failure:
VirtualProtect failed with code 0x5af
Flavor: r-devel-windows-x86_64
Version: 1.1.8
Check: package dependencies
Result: NOTE
Package suggested but not available for checking: ‘muscle’
Flavors: r-release-macos-x86_64, r-oldrel-macos-arm64, r-oldrel-macos-x86_64