CRAN Package Check Results for Package gen5helper

Last updated on 2021-02-25 07:49:45 CET.

Flavor Version Tinstall Tcheck Ttotal Status Flags
r-devel-linux-x86_64-debian-clang 1.0.1 4.66 46.70 51.36 OK
r-devel-linux-x86_64-debian-gcc 1.0.1 3.88 35.05 38.93 OK
r-devel-linux-x86_64-fedora-clang 1.0.1 67.46 NOTE
r-devel-linux-x86_64-fedora-gcc 1.0.1 57.51 NOTE
r-devel-windows-ix86+x86_64 1.0.1 12.00 48.00 60.00 OK
r-patched-linux-x86_64 1.0.1 4.51 43.28 47.79 OK
r-patched-solaris-x86 1.0.1 82.50 NOTE
r-release-linux-x86_64 1.0.1 4.77 43.58 48.35 OK
r-release-macos-x86_64 1.0.1 NOTE
r-release-windows-ix86+x86_64 1.0.1 15.00 66.00 81.00 OK
r-oldrel-macos-x86_64 1.0.1 NOTE
r-oldrel-windows-ix86+x86_64 1.0.1 7.00 59.00 66.00 OK

Check Details

Version: 1.0.1
Check: dependencies in R code
Result: NOTE
    Namespaces in Imports field not imported from:
     ‘ggplot2’ ‘pracma’ ‘rlang’
     All declared Imports should be used.
Flavors: r-devel-linux-x86_64-fedora-clang, r-devel-linux-x86_64-fedora-gcc, r-patched-solaris-x86, r-release-macos-x86_64, r-oldrel-macos-x86_64