CRAN Package Check Results for Package gdtools

Last updated on 2021-04-12 23:48:02 CEST.

Flavor Version Tinstall Tcheck Ttotal Status Flags
r-devel-linux-x86_64-debian-clang 0.2.3 52.69 29.57 82.26 NOTE
r-devel-linux-x86_64-debian-gcc 0.2.3 32.03 23.29 55.32 NOTE
r-devel-linux-x86_64-fedora-clang 0.2.3 128.43 NOTE
r-devel-linux-x86_64-fedora-gcc 0.2.3 101.23 NOTE
r-devel-windows-ix86+x86_64 0.2.3 122.00 96.00 218.00 NOTE
r-devel-windows-x86_64-gcc10-UCRT 0.2.3 NOTE
r-patched-linux-x86_64 0.2.3 50.73 28.59 79.32 OK
r-patched-solaris-x86 0.2.3 102.20 OK
r-release-linux-x86_64 0.2.3 39.35 28.89 68.24 OK
r-release-macos-x86_64 0.2.3 OK
r-release-windows-ix86+x86_64 0.2.3 98.00 101.00 199.00 NOTE
r-oldrel-macos-x86_64 0.2.3 OK
r-oldrel-windows-ix86+x86_64 0.2.3 111.00 72.00 183.00 NOTE

Check Details

Version: 0.2.3
Check: LazyData
Result: NOTE
     'LazyData' is specified without a 'data' directory
Flavors: r-devel-linux-x86_64-debian-clang, r-devel-linux-x86_64-debian-gcc, r-devel-linux-x86_64-fedora-clang, r-devel-linux-x86_64-fedora-gcc, r-devel-windows-ix86+x86_64, r-devel-windows-x86_64-gcc10-UCRT

Version: 0.2.3
Check: installed package size
Result: NOTE
     installed size is 8.2Mb
     sub-directories of 1Mb or more:
     libs 8.1Mb
Flavors: r-devel-windows-ix86+x86_64, r-release-windows-ix86+x86_64, r-oldrel-windows-ix86+x86_64