CRAN Package Check Results for Package gdalcubes

Last updated on 2022-01-21 19:48:35 CET.

Flavor Version Tinstall Tcheck Ttotal Status Flags
r-devel-linux-x86_64-debian-clang 0.5.1 379.33 79.28 458.61 OK
r-devel-linux-x86_64-debian-gcc 0.5.1 336.38 60.58 396.96 OK
r-devel-linux-x86_64-fedora-clang 0.5.1 700.71 NOTE
r-devel-linux-x86_64-fedora-gcc 0.5.1 791.55 OK
r-devel-windows-x86_64-new-UL 0.5.1 3255.00 548.00 3803.00 NOTE
r-devel-windows-x86_64-new-TK 0.5.1 OK
r-patched-linux-x86_64 0.5.1 408.35 76.48 484.83 OK
r-release-linux-x86_64 0.5.1 397.27 76.18 473.45 OK
r-release-macos-arm64 0.5.1 NOTE
r-release-macos-x86_64 0.5.1 NOTE
r-release-windows-ix86+x86_64 0.5.1 930.00 469.00 1399.00 NOTE
r-oldrel-macos-x86_64 0.5.1 NOTE
r-oldrel-windows-ix86+x86_64 0.5.1 925.00 508.00 1433.00 NOTE

Check Details

Version: 0.5.1
Check: installed package size
Result: NOTE
     installed size is 37.7Mb
     sub-directories of 1Mb or more:
     L8NY18 2.3Mb
     libs 33.5Mb
Flavors: r-devel-linux-x86_64-fedora-clang, r-devel-windows-x86_64-new-UL, r-release-macos-arm64, r-release-macos-x86_64, r-release-windows-ix86+x86_64, r-oldrel-macos-x86_64, r-oldrel-windows-ix86+x86_64