CRAN Package Check Results for Package gdalUtilities

Last updated on 2021-06-15 23:51:16 CEST.

Flavor Version Tinstall Tcheck Ttotal Status Flags
r-devel-linux-x86_64-debian-clang 1.1.2 11.02 100.89 111.91 OK
r-devel-linux-x86_64-debian-gcc 1.1.2 7.71 75.59 83.30 OK
r-devel-linux-x86_64-fedora-clang 1.1.2 141.26 OK
r-devel-linux-x86_64-fedora-gcc 1.1.2 131.02 OK
r-devel-windows-x86_64 1.1.2 17.00 117.00 134.00 OK
r-devel-windows-x86_64-gcc10-UCRT 1.1.2 ERROR
r-patched-linux-x86_64 1.1.2 10.20 97.15 107.35 OK
r-patched-solaris-x86 1.1.2 182.90 OK
r-release-linux-x86_64 1.1.2 9.91 95.69 105.60 OK
r-release-macos-arm64 1.1.2 OK
r-release-macos-x86_64 1.1.2 OK
r-release-windows-ix86+x86_64 1.1.2 26.00 117.00 143.00 OK
r-oldrel-macos-x86_64 1.1.2 OK
r-oldrel-windows-ix86+x86_64 1.1.2 19.00 118.00 137.00 OK

Check Details

Version: 1.1.2
Check: package dependencies
Result: ERROR
    Package required but not available: 'sf'
    
    See section 'The DESCRIPTION file' in the 'Writing R Extensions'
    manual.
Flavor: r-devel-windows-x86_64-gcc10-UCRT