CRAN Package Check Results for Package gclm

Last updated on 2021-09-21 07:50:08 CEST.

Flavor Version Tinstall Tcheck Ttotal Status Flags
r-devel-linux-x86_64-debian-clang 0.0.1 3.23 22.98 26.21 NOTE
r-devel-linux-x86_64-debian-gcc 0.0.1 2.43 18.18 20.61 NOTE
r-devel-linux-x86_64-fedora-clang 0.0.1 41.53 NOTE
r-devel-linux-x86_64-fedora-gcc 0.0.1 30.48 NOTE
r-devel-windows-x86_64 0.0.1 5.00 28.00 33.00 NOTE
r-devel-windows-x86_64-gcc10-UCRT 0.0.1 ERROR
r-patched-linux-x86_64 0.0.1 3.08 22.07 25.15 NOTE
r-patched-solaris-x86 0.0.1 46.60 NOTE
r-release-linux-x86_64 0.0.1 2.73 22.27 25.00 NOTE
r-release-macos-arm64 0.0.1 NOTE
r-release-macos-x86_64 0.0.1 NOTE
r-release-windows-ix86+x86_64 0.0.1 9.00 36.00 45.00 NOTE
r-oldrel-macos-x86_64 0.0.1 OK
r-oldrel-windows-ix86+x86_64 0.0.1 10.00 37.00 47.00 OK

Check Details

Version: 0.0.1
Check: LazyData
Result: NOTE
     'LazyData' is specified without a 'data' directory
Flavors: r-devel-linux-x86_64-debian-clang, r-devel-linux-x86_64-debian-gcc, r-devel-linux-x86_64-fedora-clang, r-devel-linux-x86_64-fedora-gcc, r-devel-windows-x86_64, r-patched-linux-x86_64, r-patched-solaris-x86, r-release-linux-x86_64, r-release-macos-arm64, r-release-macos-x86_64, r-release-windows-ix86+x86_64

Version: 0.0.1
Check: whether package can be installed
Result: ERROR
    Installation failed.
Flavor: r-devel-windows-x86_64-gcc10-UCRT