CRAN Package Check Results for Package gcTensor

Last updated on 2024-04-18 08:54:31 CEST.

Flavor Version Tinstall Tcheck Ttotal Status Flags
r-devel-linux-x86_64-debian-clang 1.0.0 4.09 68.10 72.19 NOTE
r-devel-linux-x86_64-debian-gcc 1.0.0 2.52 51.87 54.39 NOTE
r-devel-linux-x86_64-fedora-clang 1.0.0 91.15 NOTE
r-devel-linux-x86_64-fedora-gcc 1.0.0 88.99 NOTE
r-prerel-macos-arm64 1.0.0 27.00 NOTE
r-prerel-windows-x86_64 1.0.0 4.00 66.00 70.00 NOTE
r-patched-linux-x86_64 1.0.0 3.09 64.71 67.80 NOTE
r-release-linux-x86_64 1.0.0 2.95 64.13 67.08 OK
r-release-macos-arm64 1.0.0 32.00 OK
r-release-macos-x86_64 1.0.0 80.00 OK
r-release-windows-x86_64 1.0.0 4.00 75.00 79.00 OK
r-oldrel-macos-arm64 1.0.0 34.00 OK
r-oldrel-windows-x86_64 1.0.0 5.00 84.00 89.00 OK

Check Details

Version: 1.0.0
Check: Rd files
Result: NOTE checkRd: (-1) GCTF.Rd:56: Lost braces; missing escapes or markup? 56 | U : A matrix which has N-rows and J-columns (J < {N, M}). | ^ checkRd: (-1) GCTF.Rd:57: Lost braces; missing escapes or markup? 57 | V : A matrix which has M-rows and J-columns (J < {N, M}). | ^ checkRd: (-1) GCTF.Rd:58: Lost braces; missing escapes or markup? 58 | J : The number of dimension (J < {N, M}). | ^ Flavors: r-devel-linux-x86_64-debian-clang, r-devel-linux-x86_64-debian-gcc, r-devel-linux-x86_64-fedora-clang, r-devel-linux-x86_64-fedora-gcc, r-prerel-macos-arm64, r-prerel-windows-x86_64, r-patched-linux-x86_64