CRAN Package Check Results for Package gbm2sas

Last updated on 2021-09-21 15:50:53 CEST.

Flavor Version Tinstall Tcheck Ttotal Status Flags
r-devel-linux-x86_64-debian-clang 2.1 6.44 65.12 71.56 NOTE
r-devel-linux-x86_64-debian-gcc 2.1 5.95 49.92 55.87 NOTE
r-devel-linux-x86_64-fedora-clang 2.1 93.74 NOTE
r-devel-linux-x86_64-fedora-gcc 2.1 83.27 NOTE
r-devel-windows-x86_64 2.1 7.00 64.00 71.00 OK
r-devel-windows-x86_64-gcc10-UCRT 2.1 ERROR
r-patched-linux-x86_64 2.1 6.11 62.06 68.17 NOTE
r-patched-solaris-x86 2.1 125.40 NOTE
r-release-linux-x86_64 2.1 7.16 62.31 69.47 NOTE
r-release-macos-arm64 2.1 OK
r-release-macos-x86_64 2.1 OK
r-release-windows-ix86+x86_64 2.1 16.00 63.00 79.00 OK
r-oldrel-macos-x86_64 2.1 OK
r-oldrel-windows-ix86+x86_64 2.1 15.00 64.00 79.00 OK

Check Details

Version: 2.1
Check: for non-standard things in the check directory
Result: NOTE
    Found the following files/directories:
     'checkdata.csv' 'gbmforest.sas'
Flavors: r-devel-linux-x86_64-debian-clang, r-devel-linux-x86_64-debian-gcc, r-devel-linux-x86_64-fedora-clang, r-devel-linux-x86_64-fedora-gcc, r-patched-linux-x86_64, r-patched-solaris-x86, r-release-linux-x86_64

Version: 2.1
Check: whether package can be installed
Result: WARN
    Found the following significant warnings:
     WARNING: installation-time patches will not be applied, could not get the patches index
Flavor: r-devel-windows-x86_64-gcc10-UCRT

Version: 2.1
Check: PDF version of manual
Result: WARN
    LaTeX errors when creating PDF version.
    This typically indicates Rd problems.
Flavor: r-devel-windows-x86_64-gcc10-UCRT

Version: 2.1
Check: PDF version of manual without hyperrefs or index
Result: ERROR
    Re-running with no redirection of stdout/stderr.
Flavor: r-devel-windows-x86_64-gcc10-UCRT