Last updated on 2023-06-04 15:56:46 CEST.
Flavor | Version | Tinstall | Tcheck | Ttotal | Status | Flags |
---|---|---|---|---|---|---|
r-devel-linux-x86_64-debian-clang | 0.1.2 | 5.26 | 47.53 | 52.79 | OK | |
r-devel-linux-x86_64-debian-gcc | 0.1.2 | 3.85 | 36.63 | 40.48 | OK | |
r-devel-linux-x86_64-fedora-clang | 0.1.2 | 66.52 | OK | |||
r-devel-linux-x86_64-fedora-gcc | 0.1.2 | 72.40 | OK | |||
r-devel-windows-x86_64 | 0.1.2 | 6.00 | 58.00 | 64.00 | NOTE | |
r-patched-linux-x86_64 | 0.1.2 | 4.76 | 44.68 | 49.44 | OK | |
r-release-linux-x86_64 | 0.1.2 | 4.61 | 44.01 | 48.62 | OK | |
r-release-macos-arm64 | 0.1.2 | 30.00 | OK | |||
r-release-macos-x86_64 | 0.1.2 | 46.00 | OK | |||
r-release-windows-x86_64 | 0.1.2 | 7.00 | 65.00 | 72.00 | NOTE | |
r-oldrel-macos-arm64 | 0.1.2 | 31.00 | OK | |||
r-oldrel-macos-x86_64 | 0.1.2 | 34.00 | OK | |||
r-oldrel-windows-x86_64 | 0.1.2 | 8.00 | 68.00 | 76.00 | NOTE |
Version: 0.1.2
Check: dependencies in R code
Result: NOTE
#STDOFF 2:05:08.9
#STDOFF 8:05:43.2
#STDOFF 7:36:41.7
#STDOFF -0:25:21.1
#STDOFF 1:39:49.2
#STDOFF -0:36:44.68
#STDOFF -4:56:01.6
#STDOFF -3:58:29.2
#STDOFF -4:19:18.3
#STDOFF -5:36:13.3
#STDOFF -4:56:16.4
#STDOFF 2:05:08.9
#STDOFF 8:05:43.2
#STDOFF 7:36:41.7
#STDOFF -0:25:21.1
#STDOFF 1:39:49.2
#STDOFF -0:36:44.68
#STDOFF -4:56:01.6
#STDOFF -3:58:29.2
#STDOFF -4:19:18.3
#STDOFF -5:36:13.3
#STDOFF -4:56:16.4
Flavors: r-devel-windows-x86_64, r-release-windows-x86_64, r-oldrel-windows-x86_64