CRAN Package Check Results for Package gbRd

Last updated on 2021-06-12 23:49:07 CEST.

Flavor Version Tinstall Tcheck Ttotal Status Flags
r-devel-linux-x86_64-debian-clang 0.4-11 1.69 23.99 25.68 NOTE
r-devel-linux-x86_64-debian-gcc 0.4-11 1.56 19.29 20.85 NOTE
r-devel-linux-x86_64-fedora-clang 0.4-11 40.68 NOTE
r-devel-linux-x86_64-fedora-gcc 0.4-11 30.18 NOTE
r-devel-windows-x86_64 0.4-11 3.00 32.00 35.00 NOTE
r-devel-windows-x86_64-gcc10-UCRT 0.4-11 NOTE
r-patched-linux-x86_64 0.4-11 2.12 23.59 25.71 NOTE
r-patched-solaris-x86 0.4-11 47.60 NOTE
r-release-linux-x86_64 0.4-11 1.87 23.54 25.41 NOTE
r-release-macos-arm64 0.4-11 NOTE
r-release-macos-x86_64 0.4-11 NOTE
r-release-windows-ix86+x86_64 0.4-11 4.00 31.00 35.00 NOTE
r-oldrel-macos-x86_64 0.4-11 NOTE
r-oldrel-windows-ix86+x86_64 0.4-11 4.00 31.00 35.00 NOTE

Check Details

Version: 0.4-11
Check: dependencies in R code
Result: NOTE
    Package in Depends field not imported from: 'tools'
     These packages need to be imported from (in the NAMESPACE file)
     for when this namespace is loaded but not attached.
    Unexported objects imported by ':::' calls:
     'tools:::.Rd_get_argument_names' 'tools:::RdTags' 'tools:::fetchRdDB'
     See the note in ?`:::` about the use of this operator.
Flavors: r-devel-linux-x86_64-debian-clang, r-devel-linux-x86_64-debian-gcc, r-devel-linux-x86_64-fedora-clang, r-devel-linux-x86_64-fedora-gcc, r-devel-windows-x86_64, r-devel-windows-x86_64-gcc10-UCRT, r-patched-linux-x86_64, r-patched-solaris-x86, r-release-linux-x86_64, r-release-macos-arm64, r-release-macos-x86_64, r-release-windows-ix86+x86_64, r-oldrel-macos-x86_64, r-oldrel-windows-ix86+x86_64