CRAN Package Check Results for Package gbRd

Last updated on 2021-12-02 04:02:20 CET.

Flavor Version Tinstall Tcheck Ttotal Status Flags
r-devel-linux-x86_64-debian-clang 0.4-11 2.11 22.77 24.88 NOTE
r-devel-linux-x86_64-debian-gcc 0.4-11 1.45 18.04 19.49 NOTE
r-devel-linux-x86_64-fedora-clang 0.4-11 41.73 NOTE
r-devel-linux-x86_64-fedora-gcc 0.4-11 30.89 NOTE
r-devel-windows-x86_64-new-UL 0.4-11 6.00 60.00 66.00 NOTE
r-devel-windows-x86_64-new-TK 0.4-11 NOTE
r-devel-windows-x86_64-old 0.4-11 3.00 33.00 36.00 NOTE
r-patched-linux-x86_64 0.4-11 2.13 21.96 24.09 NOTE
r-patched-solaris-x86 0.4-11 46.90 NOTE
r-release-linux-x86_64 0.4-11 1.80 21.98 23.78 NOTE
r-release-macos-arm64 0.4-11 NOTE
r-release-macos-x86_64 0.4-11 NOTE
r-release-windows-ix86+x86_64 0.4-11 5.00 29.00 34.00 NOTE
r-oldrel-macos-x86_64 0.4-11 NOTE
r-oldrel-windows-ix86+x86_64 0.4-11 4.00 31.00 35.00 NOTE

Check Details

Version: 0.4-11
Check: dependencies in R code
Result: NOTE
    Package in Depends field not imported from: 'tools'
     These packages need to be imported from (in the NAMESPACE file)
     for when this namespace is loaded but not attached.
    Unexported objects imported by ':::' calls:
     'tools:::.Rd_get_argument_names' 'tools:::RdTags' 'tools:::fetchRdDB'
     See the note in ?`:::` about the use of this operator.
Flavors: r-devel-linux-x86_64-debian-clang, r-devel-linux-x86_64-debian-gcc, r-devel-linux-x86_64-fedora-clang, r-devel-linux-x86_64-fedora-gcc, r-devel-windows-x86_64-new-UL, r-devel-windows-x86_64-new-TK, r-devel-windows-x86_64-old, r-patched-linux-x86_64, r-patched-solaris-x86, r-release-linux-x86_64, r-release-macos-arm64, r-release-macos-x86_64, r-release-windows-ix86+x86_64, r-oldrel-macos-x86_64, r-oldrel-windows-ix86+x86_64