CRAN Package Check Results for Package gastempt

Last updated on 2024-07-20 11:49:08 CEST.

Flavor Version Tinstall Tcheck Ttotal Status Flags
r-devel-linux-x86_64-debian-clang 0.5.5 567.88 270.88 838.76 NOTE
r-devel-linux-x86_64-debian-gcc 0.5.5 528.14 246.34 774.48 NOTE
r-devel-linux-x86_64-fedora-clang 0.5.5 1104.69 NOTE
r-devel-linux-x86_64-fedora-gcc 0.5.5 1468.69 NOTE
r-devel-windows-x86_64 0.5.5 457.00 223.00 680.00 NOTE
r-patched-linux-x86_64 0.5.5 0.01 2.74 2.75 ERROR
r-release-linux-x86_64 0.5.5 0.01 2.50 2.51 ERROR
r-release-macos-arm64 0.5.5 255.00 NOTE
r-release-macos-x86_64 0.5.5 252.00 NOTE
r-release-windows-x86_64 0.5.5 458.00 218.00 676.00 NOTE
r-oldrel-macos-arm64 0.5.5 262.00 NOTE
r-oldrel-macos-x86_64 0.5.5 374.00 NOTE
r-oldrel-windows-x86_64 0.5.5 611.00 268.00 879.00 NOTE

Check Details

Version: 0.5.5
Check: Rd files
Result: NOTE checkRd: (-1) simulate_gastempt.Rd:30: Lost braces; missing escapes or markup? 30 | \item{tempt_mean, tempt_std}{Mean and between record standard deviation of parameter $t_{empt}$, typically in minutes.} | ^ Flavors: r-devel-linux-x86_64-debian-clang, r-devel-linux-x86_64-debian-gcc, r-devel-linux-x86_64-fedora-clang, r-devel-linux-x86_64-fedora-gcc, r-devel-windows-x86_64, r-release-macos-arm64, r-release-macos-x86_64, r-release-windows-x86_64

Version: 0.5.5
Check: for GNU extensions in Makefiles
Result: NOTE GNU make is a SystemRequirements. Flavors: r-devel-linux-x86_64-debian-clang, r-devel-linux-x86_64-debian-gcc, r-devel-linux-x86_64-fedora-clang, r-devel-linux-x86_64-fedora-gcc, r-devel-windows-x86_64, r-release-macos-arm64, r-release-macos-x86_64, r-release-windows-x86_64, r-oldrel-macos-arm64, r-oldrel-macos-x86_64, r-oldrel-windows-x86_64

Version: 0.5.5
Check: installed package size
Result: NOTE installed size is 5.9Mb sub-directories of 1Mb or more: libs 5.4Mb Flavors: r-devel-linux-x86_64-fedora-clang, r-release-macos-arm64, r-release-macos-x86_64, r-oldrel-macos-arm64, r-oldrel-macos-x86_64

Version: 0.5.5
Check: whether package can be installed
Result: ERROR Installation failed. Flavors: r-patched-linux-x86_64, r-release-linux-x86_64