CRAN Package Check Results for Package gaselect

Last updated on 2021-09-21 07:50:08 CEST.

Flavor Version Tinstall Tcheck Ttotal Status Flags
r-devel-linux-x86_64-debian-clang 1.0.9 174.37 59.14 233.51 OK
r-devel-linux-x86_64-debian-gcc 1.0.9 116.87 44.96 161.83 OK
r-devel-linux-x86_64-fedora-clang 1.0.9 337.98 OK
r-devel-linux-x86_64-fedora-gcc 1.0.9 303.69 OK
r-devel-windows-x86_64 1.0.9 151.00 76.00 227.00 OK
r-devel-windows-x86_64-gcc10-UCRT 1.0.9 ERROR
r-patched-linux-x86_64 1.0.9 137.42 60.45 197.87 OK
r-patched-solaris-x86 1.0.9 258.70 OK
r-release-linux-x86_64 1.0.9 141.78 61.09 202.87 OK
r-release-macos-arm64 1.0.9 NOTE
r-release-macos-x86_64 1.0.9 OK
r-release-windows-ix86+x86_64 1.0.9 376.00 115.00 491.00 OK
r-oldrel-macos-x86_64 1.0.9 OK
r-oldrel-windows-ix86+x86_64 1.0.9 370.00 114.00 484.00 OK

Check Details

Version: 1.0.9
Check: whether package can be installed
Result: ERROR
    Installation failed.
Flavor: r-devel-windows-x86_64-gcc10-UCRT

Version: 1.0.9
Check: installed package size
Result: NOTE
     installed size is 5.5Mb
     sub-directories of 1Mb or more:
     libs 5.3Mb
Flavor: r-release-macos-arm64