Last updated on 2023-03-20 11:53:46 CET.
Flavor | Version | Tinstall | Tcheck | Ttotal | Status | Flags |
---|---|---|---|---|---|---|
r-devel-linux-x86_64-debian-clang | 1.1.2 | OK | ||||
r-devel-linux-x86_64-debian-gcc | 1.1.2 | 64.71 | 57.99 | 122.70 | OK | |
r-devel-linux-x86_64-fedora-clang | 1.1.2 | 199.12 | OK | |||
r-devel-linux-x86_64-fedora-gcc | 1.1.2 | 196.43 | OK | |||
r-devel-windows-x86_64 | 1.1.2 | 80.00 | 124.00 | 204.00 | OK | |
r-patched-linux-x86_64 | 1.1.2 | 66.18 | 70.05 | 136.23 | OK | |
r-release-linux-x86_64 | 1.1.2 | 64.64 | 70.85 | 135.49 | OK | |
r-release-macos-arm64 | 1.1.2 | 54.00 | OK | |||
r-release-macos-x86_64 | 1.1.2 | 71.00 | NOTE | |||
r-release-windows-x86_64 | 1.1.2 | 88.00 | 129.00 | 217.00 | OK | |
r-oldrel-macos-arm64 | 1.1.2 | 55.00 | OK | |||
r-oldrel-macos-x86_64 | 1.1.2 | 70.00 | NOTE | |||
r-oldrel-windows-ix86+x86_64 | 1.1.2 | 134.00 | 141.00 | 275.00 | OK |
Version: 1.1.2
Check: installed package size
Result: NOTE
installed size is 5.1Mb
sub-directories of 1Mb or more:
libs 4.5Mb
Flavors: r-release-macos-x86_64, r-oldrel-macos-x86_64