Last updated on 2022-05-29 03:52:10 CEST.
Flavor | Version | Tinstall | Tcheck | Ttotal | Status | Flags |
---|---|---|---|---|---|---|
r-devel-linux-x86_64-debian-clang | 0.7.0 | 8.52 | 72.21 | 80.73 | NOTE | |
r-devel-linux-x86_64-debian-gcc | 0.7.0 | 5.91 | 56.36 | 62.27 | NOTE | |
r-devel-linux-x86_64-fedora-clang | 0.7.0 | 97.01 | NOTE | |||
r-devel-linux-x86_64-fedora-gcc | 0.7.0 | 95.16 | NOTE | |||
r-devel-windows-x86_64 | 0.7.0 | 10.00 | 88.00 | 98.00 | NOTE | |
r-patched-linux-x86_64 | 0.7.0 | 7.36 | 70.21 | 77.57 | NOTE | |
r-release-linux-x86_64 | 0.7.0 | 6.21 | 70.66 | 76.87 | NOTE | |
r-release-macos-arm64 | 0.7.0 | 27.00 | NOTE | |||
r-release-macos-x86_64 | 0.7.0 | 41.00 | NOTE | |||
r-release-windows-x86_64 | 0.7.0 | 13.00 | 86.00 | 99.00 | NOTE | |
r-oldrel-macos-arm64 | 0.7.0 | 35.00 | NOTE | |||
r-oldrel-macos-x86_64 | 0.7.0 | 53.00 | NOTE | |||
r-oldrel-windows-ix86+x86_64 | 0.7.0 | 17.00 | 81.00 | 98.00 | NOTE |
Version: 0.7.0
Check: LazyData
Result: NOTE
'LazyData' is specified without a 'data' directory
Flavors: r-devel-linux-x86_64-debian-clang, r-devel-linux-x86_64-debian-gcc, r-devel-linux-x86_64-fedora-clang, r-devel-linux-x86_64-fedora-gcc, r-devel-windows-x86_64, r-patched-linux-x86_64, r-release-linux-x86_64, r-release-macos-arm64, r-release-macos-x86_64, r-release-windows-x86_64, r-oldrel-macos-arm64, r-oldrel-macos-x86_64, r-oldrel-windows-ix86+x86_64