CRAN Package Check Results for Package gMOIP

Last updated on 2021-03-06 23:48:30 CET.

Flavor Version Tinstall Tcheck Ttotal Status Flags
r-devel-linux-x86_64-debian-clang 1.4.6 11.05 273.00 284.05 OK
r-devel-linux-x86_64-debian-gcc 1.4.6 8.89 199.70 208.59 OK
r-devel-linux-x86_64-fedora-clang 1.4.6 328.39 NOTE
r-devel-linux-x86_64-fedora-gcc 1.4.6 321.45 OK
r-devel-windows-ix86+x86_64 1.4.6 23.00 318.00 341.00 NOTE
r-patched-linux-x86_64 1.4.6 11.15 261.96 273.11 OK
r-patched-solaris-x86 1.4.6 327.80 WARN
r-release-linux-x86_64 1.4.6 11.51 262.04 273.55 OK
r-release-macos-x86_64 1.4.6 WARN
r-release-windows-ix86+x86_64 1.4.6 16.00 246.00 262.00 NOTE
r-oldrel-macos-x86_64 1.4.6 WARN
r-oldrel-windows-ix86+x86_64 1.4.6 15.00 234.00 249.00 NOTE

Check Details

Version: 1.4.6
Check: installed package size
Result: NOTE
     installed size is 6.2Mb
     sub-directories of 1Mb or more:
     doc 4.9Mb
Flavors: r-devel-linux-x86_64-fedora-clang, r-devel-windows-ix86+x86_64, r-patched-solaris-x86, r-release-macos-x86_64, r-release-windows-ix86+x86_64, r-oldrel-macos-x86_64, r-oldrel-windows-ix86+x86_64

Version: 1.4.6
Check: re-building of vignette outputs
Result: WARN
    Error(s) in re-building vignettes:
     ...
    --- re-building ‘bi-objective_2x.Rmd’ using rmarkdown
    Warning in engine$weave(file, quiet = quiet, encoding = enc) :
     Pandoc (>= 1.12.3) and/or pandoc-citeproc not available. Falling back to R Markdown v1.
    Warning: ggrepel: 70 unlabeled data points (too many overlaps). Consider increasing max.overlaps
    Warning: ggrepel: 70 unlabeled data points (too many overlaps). Consider increasing max.overlaps
    Warning: ggrepel: 70 unlabeled data points (too many overlaps). Consider increasing max.overlaps
    Warning: ggrepel: 70 unlabeled data points (too many overlaps). Consider increasing max.overlaps
    --- finished re-building ‘bi-objective_2x.Rmd’
    
    --- re-building ‘bi-objective_3x_ex1.Rmd’ using rmarkdown
    Warning in engine$weave(file, quiet = quiet, encoding = enc) :
     Pandoc (>= 1.12.3) and/or pandoc-citeproc not available. Falling back to R Markdown v1.
    PhantomJS not found. You can install it with webshot::install_phantomjs(). If it is installed, please make sure the phantomjs executable can be found via the PATH variable.
    Quitting from lines 84-85 (bi-objective_3x_ex1.Rmd)
    Error: processing vignette 'bi-objective_3x_ex1.Rmd' failed with diagnostics:
    invalid 'path' argument
    --- failed re-building ‘bi-objective_3x_ex1.Rmd’
    
    --- re-building ‘intro.Rmd’ using rmarkdown
    Warning in engine$weave(file, quiet = quiet, encoding = enc) :
     Pandoc (>= 1.12.3) and/or pandoc-citeproc not available. Falling back to R Markdown v1.
    PhantomJS not found. You can install it with webshot::install_phantomjs(). If it is installed, please make sure the phantomjs executable can be found via the PATH variable.
    Quitting from lines 146-155 (intro.Rmd)
    Error: processing vignette 'intro.Rmd' failed with diagnostics:
    invalid 'path' argument
    --- failed re-building ‘intro.Rmd’
    
    --- re-building ‘polytope_2d.Rmd’ using rmarkdown
    Warning in engine$weave(file, quiet = quiet, encoding = enc) :
     Pandoc (>= 1.12.3) and/or pandoc-citeproc not available. Falling back to R Markdown v1.
    --- finished re-building ‘polytope_2d.Rmd’
    
    --- re-building ‘polytope_3d_ex1.Rmd’ using rmarkdown
    Warning in engine$weave(file, quiet = quiet, encoding = enc) :
     Pandoc (>= 1.12.3) and/or pandoc-citeproc not available. Falling back to R Markdown v1.
    PhantomJS not found. You can install it with webshot::install_phantomjs(). If it is installed, please make sure the phantomjs executable can be found via the PATH variable.
    Quitting from lines 58-60 (polytope_3d_ex1.Rmd)
    Error: processing vignette 'polytope_3d_ex1.Rmd' failed with diagnostics:
    invalid 'path' argument
    --- failed re-building ‘polytope_3d_ex1.Rmd’
    
    --- re-building ‘tri-objective.Rmd’ using rmarkdown
    Warning in engine$weave(file, quiet = quiet, encoding = enc) :
     Pandoc (>= 1.12.3) and/or pandoc-citeproc not available. Falling back to R Markdown v1.
    PhantomJS not found. You can install it with webshot::install_phantomjs(). If it is installed, please make sure the phantomjs executable can be found via the PATH variable.
    Quitting from lines 44-59 (tri-objective.Rmd)
    Error: processing vignette 'tri-objective.Rmd' failed with diagnostics:
    invalid 'path' argument
    --- failed re-building ‘tri-objective.Rmd’
    
    SUMMARY: processing the following files failed:
     ‘bi-objective_3x_ex1.Rmd’ ‘intro.Rmd’ ‘polytope_3d_ex1.Rmd’
     ‘tri-objective.Rmd’
    
    Error: Vignette re-building failed.
    Execution halted
Flavor: r-patched-solaris-x86

Version: 1.4.6
Check: re-building of vignette outputs
Result: WARN
    Error(s) in re-building vignettes:
    --- re-building ‘bi-objective_2x.Rmd’ using rmarkdown
    Warning in engine$weave(file, quiet = quiet, encoding = enc) :
     Pandoc (>= 1.12.3) and/or pandoc-citeproc not available. Falling back to R Markdown v1.
    Warning: ggrepel: 70 unlabeled data points (too many overlaps). Consider increasing max.overlaps
    Warning: ggrepel: 70 unlabeled data points (too many overlaps). Consider increasing max.overlaps
    Warning: ggrepel: 70 unlabeled data points (too many overlaps). Consider increasing max.overlaps
    Warning: ggrepel: 70 unlabeled data points (too many overlaps). Consider increasing max.overlaps
    --- finished re-building ‘bi-objective_2x.Rmd’
    
    --- re-building ‘bi-objective_3x_ex1.Rmd’ using rmarkdown
    Warning in engine$weave(file, quiet = quiet, encoding = enc) :
     Pandoc (>= 1.12.3) and/or pandoc-citeproc not available. Falling back to R Markdown v1.
    Loading required namespace: rmarkdown
    PhantomJS not found. You can install it with webshot::install_phantomjs(). If it is installed, please make sure the phantomjs executable can be found via the PATH variable.
    Warning in normalizePath(f2) :
     path[1]="webshotc90a5666cbc.png": No such file or directory
    Warning in file(con, "rb") :
     cannot open file 'webshotc90a5666cbc.png': No such file or directory
    Quitting from lines 84-85 (bi-objective_3x_ex1.Rmd)
    Error: processing vignette 'bi-objective_3x_ex1.Rmd' failed with diagnostics:
    cannot open the connection
    --- failed re-building ‘bi-objective_3x_ex1.Rmd’
    
    --- re-building ‘intro.Rmd’ using rmarkdown
    Warning in engine$weave(file, quiet = quiet, encoding = enc) :
     Pandoc (>= 1.12.3) and/or pandoc-citeproc not available. Falling back to R Markdown v1.
    Loading required namespace: rmarkdown
    PhantomJS not found. You can install it with webshot::install_phantomjs(). If it is installed, please make sure the phantomjs executable can be found via the PATH variable.
    Warning in normalizePath(f2) :
     path[1]="webshotc9228e45f8.png": No such file or directory
    Warning in file(con, "rb") :
     cannot open file 'webshotc9228e45f8.png': No such file or directory
    Quitting from lines 146-155 (intro.Rmd)
    Error: processing vignette 'intro.Rmd' failed with diagnostics:
    cannot open the connection
    --- failed re-building ‘intro.Rmd’
    
    --- re-building ‘polytope_2d.Rmd’ using rmarkdown
    Warning in engine$weave(file, quiet = quiet, encoding = enc) :
     Pandoc (>= 1.12.3) and/or pandoc-citeproc not available. Falling back to R Markdown v1.
    --- finished re-building ‘polytope_2d.Rmd’
    
    --- re-building ‘polytope_3d_ex1.Rmd’ using rmarkdown
    Warning in engine$weave(file, quiet = quiet, encoding = enc) :
     Pandoc (>= 1.12.3) and/or pandoc-citeproc not available. Falling back to R Markdown v1.
    Loading required namespace: rmarkdown
    PhantomJS not found. You can install it with webshot::install_phantomjs(). If it is installed, please make sure the phantomjs executable can be found via the PATH variable.
    Warning in normalizePath(f2) :
     path[1]="webshotc9912468f60d.png": No such file or directory
    Warning in file(con, "rb") :
     cannot open file 'webshotc9912468f60d.png': No such file or directory
    Quitting from lines 58-60 (polytope_3d_ex1.Rmd)
    Error: processing vignette 'polytope_3d_ex1.Rmd' failed with diagnostics:
    cannot open the connection
    --- failed re-building ‘polytope_3d_ex1.Rmd’
    
    --- re-building ‘tri-objective.Rmd’ using rmarkdown
    Warning in engine$weave(file, quiet = quiet, encoding = enc) :
     Pandoc (>= 1.12.3) and/or pandoc-citeproc not available. Falling back to R Markdown v1.
    Loading required namespace: rmarkdown
    PhantomJS not found. You can install it with webshot::install_phantomjs(). If it is installed, please make sure the phantomjs executable can be found via the PATH variable.
    Warning in normalizePath(f2) :
     path[1]="webshotc9b589dcdaa.png": No such file or directory
    Warning in file(con, "rb") :
     cannot open file 'webshotc9b589dcdaa.png': No such file or directory
    Quitting from lines 44-59 (tri-objective.Rmd)
    Error: processing vignette 'tri-objective.Rmd' failed with diagnostics:
    cannot open the connection
    --- failed re-building ‘tri-objective.Rmd’
    
    SUMMARY: processing the following files failed:
     ‘bi-objective_3x_ex1.Rmd’ ‘intro.Rmd’ ‘polytope_3d_ex1.Rmd’
     ‘tri-objective.Rmd’
    
    Error: Vignette re-building failed.
    Execution halted
Flavor: r-release-macos-x86_64

Version: 1.4.6
Check: whether package can be installed
Result: WARN
    Found the following significant warnings:
     Warning: 'rgl.init' failed, running with 'rgl.useNULL = TRUE'.
Flavor: r-oldrel-macos-x86_64

Version: 1.4.6
Check: re-building of vignette outputs
Result: WARN
    Error(s) in re-building vignettes:
    --- re-building ‘bi-objective_2x.Rmd’ using rmarkdown
    Warning in engine$weave(file, quiet = quiet, encoding = enc) :
     Pandoc (>= 1.12.3) and/or pandoc-citeproc not available. Falling back to R Markdown v1.
    Warning: 'rgl.init' failed, running with 'rgl.useNULL = TRUE'.
    Warning: ggrepel: 70 unlabeled data points (too many overlaps). Consider increasing max.overlaps
    Warning: ggrepel: 70 unlabeled data points (too many overlaps). Consider increasing max.overlaps
    Warning: ggrepel: 70 unlabeled data points (too many overlaps). Consider increasing max.overlaps
    Warning: ggrepel: 70 unlabeled data points (too many overlaps). Consider increasing max.overlaps
    --- finished re-building ‘bi-objective_2x.Rmd’
    
    --- re-building ‘bi-objective_3x_ex1.Rmd’ using rmarkdown
    Warning in engine$weave(file, quiet = quiet, encoding = enc) :
     Pandoc (>= 1.12.3) and/or pandoc-citeproc not available. Falling back to R Markdown v1.
    Loading required namespace: rmarkdown
    PhantomJS not found. You can install it with webshot::install_phantomjs(). If it is installed, please make sure the phantomjs executable can be found via the PATH variable.
    Warning in normalizePath(f2) :
     path[1]="webshot2dce69764fc1.png": No such file or directory
    Warning in file(con, "rb") :
     cannot open file 'webshot2dce69764fc1.png': No such file or directory
    Quitting from lines 84-85 (bi-objective_3x_ex1.Rmd)
    Error: processing vignette 'bi-objective_3x_ex1.Rmd' failed with diagnostics:
    cannot open the connection
    --- failed re-building ‘bi-objective_3x_ex1.Rmd’
    
    --- re-building ‘intro.Rmd’ using rmarkdown
    Warning in engine$weave(file, quiet = quiet, encoding = enc) :
     Pandoc (>= 1.12.3) and/or pandoc-citeproc not available. Falling back to R Markdown v1.
    Loading required namespace: rmarkdown
    PhantomJS not found. You can install it with webshot::install_phantomjs(). If it is installed, please make sure the phantomjs executable can be found via the PATH variable.
    Warning in normalizePath(f2) :
     path[1]="webshot2ddd2be54821.png": No such file or directory
    Warning in file(con, "rb") :
     cannot open file 'webshot2ddd2be54821.png': No such file or directory
    Quitting from lines 146-155 (intro.Rmd)
    Error: processing vignette 'intro.Rmd' failed with diagnostics:
    cannot open the connection
    --- failed re-building ‘intro.Rmd’
    
    --- re-building ‘polytope_2d.Rmd’ using rmarkdown
    Warning in engine$weave(file, quiet = quiet, encoding = enc) :
     Pandoc (>= 1.12.3) and/or pandoc-citeproc not available. Falling back to R Markdown v1.
    Warning: 'rgl.init' failed, running with 'rgl.useNULL = TRUE'.
    --- finished re-building ‘polytope_2d.Rmd’
    
    --- re-building ‘polytope_3d_ex1.Rmd’ using rmarkdown
    Warning in engine$weave(file, quiet = quiet, encoding = enc) :
     Pandoc (>= 1.12.3) and/or pandoc-citeproc not available. Falling back to R Markdown v1.
    Loading required namespace: rmarkdown
    PhantomJS not found. You can install it with webshot::install_phantomjs(). If it is installed, please make sure the phantomjs executable can be found via the PATH variable.
    Warning in normalizePath(f2) :
     path[1]="webshot2df92e6ea32d.png": No such file or directory
    Warning in file(con, "rb") :
     cannot open file 'webshot2df92e6ea32d.png': No such file or directory
    Quitting from lines 58-60 (polytope_3d_ex1.Rmd)
    Error: processing vignette 'polytope_3d_ex1.Rmd' failed with diagnostics:
    cannot open the connection
    --- failed re-building ‘polytope_3d_ex1.Rmd’
    
    --- re-building ‘tri-objective.Rmd’ using rmarkdown
    Warning in engine$weave(file, quiet = quiet, encoding = enc) :
     Pandoc (>= 1.12.3) and/or pandoc-citeproc not available. Falling back to R Markdown v1.
    Loading required namespace: rmarkdown
    PhantomJS not found. You can install it with webshot::install_phantomjs(). If it is installed, please make sure the phantomjs executable can be found via the PATH variable.
    Warning in normalizePath(f2) :
     path[1]="webshot2e08120e4f3.png": No such file or directory
    Warning in file(con, "rb") :
     cannot open file 'webshot2e08120e4f3.png': No such file or directory
    Quitting from lines 44-59 (tri-objective.Rmd)
    Error: processing vignette 'tri-objective.Rmd' failed with diagnostics:
    cannot open the connection
    --- failed re-building ‘tri-objective.Rmd’
    
    SUMMARY: processing the following files failed:
     ‘bi-objective_3x_ex1.Rmd’ ‘intro.Rmd’ ‘polytope_3d_ex1.Rmd’
     ‘tri-objective.Rmd’
    
    Error: Vignette re-building failed.
    Execution halted
Flavor: r-oldrel-macos-x86_64