CRAN Package Check Results for Package gIPFrm

Last updated on 2021-09-21 15:50:54 CEST.

Flavor Version Tinstall Tcheck Ttotal Status Flags
r-devel-linux-x86_64-debian-clang 3.1 1.99 22.58 24.57 OK
r-devel-linux-x86_64-debian-gcc 3.1 1.68 17.79 19.47 OK
r-devel-linux-x86_64-fedora-clang 3.1 38.68 OK
r-devel-linux-x86_64-fedora-gcc 3.1 28.36 OK
r-devel-windows-x86_64 3.1 3.00 28.00 31.00 OK
r-devel-windows-x86_64-gcc10-UCRT 3.1 ERROR
r-patched-linux-x86_64 3.1 2.08 22.14 24.22 OK
r-patched-solaris-x86 3.1 43.30 OK
r-release-linux-x86_64 3.1 2.08 21.96 24.04 OK
r-release-macos-arm64 3.1 OK
r-release-macos-x86_64 3.1 OK
r-release-windows-ix86+x86_64 3.1 5.00 28.00 33.00 OK
r-oldrel-macos-x86_64 3.1 OK
r-oldrel-windows-ix86+x86_64 3.1 4.00 30.00 34.00 OK

Check Details

Version: 3.1
Check: whether package can be installed
Result: WARN
    Found the following significant warnings:
     WARNING: installation-time patches will not be applied, could not get the patches index
Flavor: r-devel-windows-x86_64-gcc10-UCRT

Version: 3.1
Check: PDF version of manual
Result: WARN
    LaTeX errors when creating PDF version.
    This typically indicates Rd problems.
Flavor: r-devel-windows-x86_64-gcc10-UCRT

Version: 3.1
Check: PDF version of manual without hyperrefs or index
Result: ERROR
    Re-running with no redirection of stdout/stderr.
Flavor: r-devel-windows-x86_64-gcc10-UCRT