CRAN Package Check Results for Package fuzzyreg

Last updated on 2021-09-20 15:52:44 CEST.

Flavor Version Tinstall Tcheck Ttotal Status Flags
r-devel-linux-x86_64-debian-clang 0.5.1 3.49 39.76 43.25 OK
r-devel-linux-x86_64-debian-gcc 0.5.1 2.78 30.71 33.49 OK
r-devel-linux-x86_64-fedora-clang 0.5.1 60.63 OK
r-devel-linux-x86_64-fedora-gcc 0.5.1 49.81 OK
r-devel-windows-x86_64 0.5.1 6.00 46.00 52.00 OK
r-devel-windows-x86_64-gcc10-UCRT 0.5.1 ERROR
r-patched-linux-x86_64 0.5.1 3.59 39.23 42.82 OK
r-patched-solaris-x86 0.5.1 71.60 OK
r-release-linux-x86_64 0.5.1 3.54 38.48 42.02 OK
r-release-macos-arm64 0.5.1 ERROR
r-release-macos-x86_64 0.5.1 OK
r-release-windows-ix86+x86_64 0.5.1 7.00 48.00 55.00 OK
r-oldrel-macos-x86_64 0.5.1 OK
r-oldrel-windows-ix86+x86_64 0.5.1 7.00 45.00 52.00 OK

Additional issues

M1mac

Check Details

Version: 0.5.1
Check: whether package can be installed
Result: WARN
    Found the following significant warnings:
     WARNING: installation-time patches will not be applied, could not get the patches index
Flavor: r-devel-windows-x86_64-gcc10-UCRT

Version: 0.5.1
Check: PDF version of manual
Result: WARN
    LaTeX errors when creating PDF version.
    This typically indicates Rd problems.
Flavor: r-devel-windows-x86_64-gcc10-UCRT

Version: 0.5.1
Check: PDF version of manual without hyperrefs or index
Result: ERROR
    Re-running with no redirection of stdout/stderr.
Flavor: r-devel-windows-x86_64-gcc10-UCRT

Version: 0.5.1
Check: tests
Result: ERROR
     Running ‘testthat.R’ [1s/1s]
    Running the tests in ‘tests/testthat.R’ failed.
    Complete output:
     > library(testthat)
     > library(fuzzyreg)
     >
     > test_check("fuzzyreg")
     ══ Failed tests ════════════════════════════════════════════════════════════════
     ── Failure (test_correctSolution.R:50:3): correct TEF for crisp numbers ────────
     0 not equal to TEF(f).
     1/1 mismatches
     [1] 0 - 3 == -3
    
     [ FAIL 1 | WARN 8 | SKIP 0 | PASS 24 ]
     Error: Test failures
     Execution halted
Flavor: r-release-macos-arm64