CRAN Package Check Results for Package fuzzr

Last updated on 2021-06-15 07:49:05 CEST.

Flavor Version Tinstall Tcheck Ttotal Status Flags
r-devel-linux-x86_64-debian-clang 0.2.2 2.21 38.52 40.73 NOTE
r-devel-linux-x86_64-debian-gcc 0.2.2 1.92 29.03 30.95 NOTE
r-devel-linux-x86_64-fedora-clang 0.2.2 56.86 NOTE
r-devel-linux-x86_64-fedora-gcc 0.2.2 47.40 NOTE
r-devel-windows-x86_64 0.2.2 4.00 56.00 60.00 NOTE
r-devel-windows-x86_64-gcc10-UCRT 0.2.2 NOTE
r-patched-linux-x86_64 0.2.2 2.34 37.08 39.42 NOTE
r-patched-solaris-x86 0.2.2 68.10 NOTE
r-release-linux-x86_64 0.2.2 1.81 36.92 38.73 NOTE
r-release-macos-arm64 0.2.2 NOTE
r-release-macos-x86_64 0.2.2 NOTE
r-release-windows-ix86+x86_64 0.2.2 6.00 57.00 63.00 NOTE
r-oldrel-macos-x86_64 0.2.2 OK
r-oldrel-windows-ix86+x86_64 0.2.2 14.00 57.00 71.00 OK

Check Details

Version: 0.2.2
Check: LazyData
Result: NOTE
     'LazyData' is specified without a 'data' directory
Flavors: r-devel-linux-x86_64-debian-clang, r-devel-linux-x86_64-debian-gcc, r-devel-linux-x86_64-fedora-clang, r-devel-linux-x86_64-fedora-gcc, r-devel-windows-x86_64, r-devel-windows-x86_64-gcc10-UCRT, r-patched-linux-x86_64, r-patched-solaris-x86, r-release-linux-x86_64, r-release-macos-arm64, r-release-macos-x86_64, r-release-windows-ix86+x86_64