CRAN Package Check Results for Package fusionclust

Last updated on 2021-06-20 07:50:08 CEST.

Flavor Version Tinstall Tcheck Ttotal Status Flags
r-devel-linux-x86_64-debian-clang 1.0.0 10.27 85.40 95.67 NOTE
r-devel-linux-x86_64-debian-gcc 1.0.0 7.53 63.48 71.01 NOTE
r-devel-linux-x86_64-fedora-clang 1.0.0 118.83 NOTE
r-devel-linux-x86_64-fedora-gcc 1.0.0 108.55 NOTE
r-devel-windows-x86_64 1.0.0 13.00 112.00 125.00 NOTE
r-devel-windows-x86_64-gcc10-UCRT 1.0.0 NOTE
r-patched-linux-x86_64 1.0.0 7.96 80.45 88.41 NOTE
r-patched-solaris-x86 1.0.0 166.00 NOTE
r-release-linux-x86_64 1.0.0 8.41 80.51 88.92 NOTE
r-release-macos-arm64 1.0.0 NOTE
r-release-macos-x86_64 1.0.0 NOTE
r-release-windows-ix86+x86_64 1.0.0 20.00 103.00 123.00 NOTE
r-oldrel-macos-x86_64 1.0.0 OK
r-oldrel-windows-ix86+x86_64 1.0.0 14.00 106.00 120.00 OK

Check Details

Version: 1.0.0
Check: LazyData
Result: NOTE
     'LazyData' is specified without a 'data' directory
Flavors: r-devel-linux-x86_64-debian-clang, r-devel-linux-x86_64-debian-gcc, r-devel-linux-x86_64-fedora-clang, r-devel-linux-x86_64-fedora-gcc, r-devel-windows-x86_64, r-devel-windows-x86_64-gcc10-UCRT, r-patched-linux-x86_64, r-patched-solaris-x86, r-release-linux-x86_64, r-release-macos-arm64, r-release-macos-x86_64, r-release-windows-ix86+x86_64